CRAN Package Check Results for Package IDSA

Last updated on 2021-12-01 19:51:38 CET.

Flavor Version Tinstall Tcheck Ttotal Status Flags
r-devel-linux-x86_64-debian-clang 2.1 6.39 65.33 71.72 OK
r-devel-linux-x86_64-debian-gcc 2.1 4.67 49.07 53.74 OK
r-devel-linux-x86_64-fedora-clang 2.1 95.86 NOTE
r-devel-linux-x86_64-fedora-gcc 2.1 87.78 NOTE
r-devel-windows-x86_64-new-UL 2.1 15.00 130.00 145.00 OK
r-devel-windows-x86_64-new-TK 2.1 WARN
r-devel-windows-x86_64-old 2.1 12.00 92.00 104.00 OK
r-patched-linux-x86_64 2.1 5.07 59.75 64.82 OK
r-patched-solaris-x86 2.1 112.20 NOTE
r-release-linux-x86_64 2.1 4.35 61.61 65.96 OK
r-release-macos-arm64 2.1 NOTE
r-release-macos-x86_64 2.1 NOTE
r-release-windows-ix86+x86_64 2.1 15.00 95.00 110.00 OK
r-oldrel-macos-x86_64 2.1 NOTE
r-oldrel-windows-ix86+x86_64 2.1 10.00 67.00 77.00 OK

Check Details

Version: 2.1
Check: dependencies in R code
Result: NOTE
    Namespace in Imports field not imported from: ‘kableExtra’
     All declared Imports should be used.
Flavors: r-devel-linux-x86_64-fedora-clang, r-devel-linux-x86_64-fedora-gcc, r-devel-windows-x86_64-new-TK, r-patched-solaris-x86, r-release-macos-arm64, r-release-macos-x86_64, r-oldrel-macos-x86_64

Version: 2.1
Check: re-building of vignette outputs
Result: WARN
    Error(s) in re-building vignettes:
    --- re-building 'IDSA.Rmd' using rmarkdown
    ! LaTeX Error: File `tabu.sty' not found.
    
    ! Emergency stop.
    <read *>
    
    Error: processing vignette 'IDSA.Rmd' failed with diagnostics:
    LaTeX failed to compile C:/r_packages/pkgcheck/CRAN/IDSA/IDSA.Rcheck/vign_test/IDSA/vignettes/IDSA.tex. See https://yihui.org/tinytex/r/#debugging for debugging tips. See IDSA.log for more info.
    --- failed re-building 'IDSA.Rmd'
    
    SUMMARY: processing the following file failed:
     'IDSA.Rmd'
    
    Error: Vignette re-building failed.
    Execution halted
Flavor: r-devel-windows-x86_64-new-TK