Last updated on 2023-02-03 19:52:07 CET.
Flavor | Version | Tinstall | Tcheck | Ttotal | Status | Flags |
---|---|---|---|---|---|---|
r-devel-linux-x86_64-debian-clang | 1.1.2 | 34.73 | 345.04 | 379.77 | OK | |
r-devel-linux-x86_64-debian-gcc | 1.1.2 | 28.99 | 252.53 | 281.52 | OK | |
r-devel-linux-x86_64-fedora-clang | 1.1.2 | 503.09 | OK | |||
r-devel-linux-x86_64-fedora-gcc | 1.1.2 | 519.29 | OK | |||
r-devel-windows-x86_64 | 1.1.2 | 41.00 | 454.00 | 495.00 | OK | |
r-patched-linux-x86_64 | 1.1.2 | 34.08 | 321.65 | 355.73 | OK | |
r-release-linux-x86_64 | 1.1.2 | 34.64 | 323.82 | 358.46 | OK | |
r-release-macos-arm64 | 1.1.2 | 143.00 | OK | |||
r-release-macos-x86_64 | 1.1.2 | 211.00 | OK | |||
r-release-windows-x86_64 | 1.1.2 | 40.00 | 462.00 | 502.00 | OK | |
r-oldrel-macos-arm64 | 1.1.0 | 184.00 | OK | |||
r-oldrel-macos-x86_64 | 1.1.0 | 197.00 | OK | |||
r-oldrel-windows-ix86+x86_64 | 1.1.0 | 39.00 | 18.00 | 57.00 | ERROR |
Version: 1.1.0
Check: whether package can be installed
Result: ERROR
Installation failed.
Flavor: r-oldrel-windows-ix86+x86_64