CRAN Package Check Results for Package IFC

Last updated on 2022-12-05 19:51:32 CET.

Flavor Version Tinstall Tcheck Ttotal Status Flags
r-devel-linux-x86_64-debian-clang 0.1.8 64.40 156.48 220.88 NOTE
r-devel-linux-x86_64-debian-gcc 0.1.8 52.84 116.42 169.26 NOTE
r-devel-linux-x86_64-fedora-clang 0.1.8 315.17 NOTE
r-devel-linux-x86_64-fedora-gcc 0.1.8 289.32 NOTE
r-devel-windows-x86_64 0.1.8 141.00 240.00 381.00 NOTE
r-patched-linux-x86_64 0.1.8 68.28 135.66 203.94 NOTE
r-release-linux-x86_64 0.1.8 63.47 136.04 199.51 NOTE
r-release-macos-arm64 0.1.8 62.00 NOTE
r-release-macos-x86_64 0.1.8 88.00 NOTE
r-release-windows-x86_64 0.1.8 137.00 184.00 321.00 NOTE
r-oldrel-macos-arm64 0.1.8 63.00 NOTE
r-oldrel-macos-x86_64 0.1.8 91.00 NOTE
r-oldrel-windows-ix86+x86_64 0.1.8 100.00 197.00 297.00 NOTE

Check Details

Version: 0.1.8
Check: package dependencies
Result: NOTE
    Package suggested but not available for checking: 'IFCdata'
Flavors: r-devel-linux-x86_64-debian-clang, r-devel-linux-x86_64-debian-gcc, r-devel-linux-x86_64-fedora-clang, r-devel-linux-x86_64-fedora-gcc, r-devel-windows-x86_64, r-patched-linux-x86_64, r-release-linux-x86_64, r-release-macos-arm64, r-release-macos-x86_64, r-release-windows-x86_64, r-oldrel-macos-arm64, r-oldrel-macos-x86_64, r-oldrel-windows-ix86+x86_64

Version: 0.1.8
Check: installed package size
Result: NOTE
     installed size is 6.3Mb
     sub-directories of 1Mb or more:
     R 1.0Mb
     libs 4.5Mb
Flavors: r-release-macos-arm64, r-release-macos-x86_64, r-oldrel-macos-arm64, r-oldrel-macos-x86_64