Last updated on 2023-12-10 19:49:14 CET.
Flavor | Version | Tinstall | Tcheck | Ttotal | Status | Flags |
---|---|---|---|---|---|---|
r-devel-linux-x86_64-debian-clang | 1.5 | 15.89 | 119.12 | 135.01 | OK | |
r-devel-linux-x86_64-debian-gcc | 1.5 | 12.95 | 88.28 | 101.23 | OK | |
r-devel-linux-x86_64-fedora-clang | 1.5 | 163.06 | NOTE | |||
r-devel-linux-x86_64-fedora-gcc | 1.5 | 153.42 | NOTE | |||
r-devel-windows-x86_64 | 1.5 | 16.00 | 99.00 | 115.00 | OK | |
r-patched-linux-x86_64 | 1.5 | 14.26 | 112.53 | 126.79 | OK | |
r-release-linux-x86_64 | 1.5 | 12.84 | 111.84 | 124.68 | OK | |
r-release-macos-arm64 | 1.5 | 50.00 | OK | |||
r-release-macos-x86_64 | 1.5 | 76.00 | OK | |||
r-release-windows-x86_64 | 1.5 | 20.00 | 121.00 | 141.00 | OK | |
r-oldrel-macos-arm64 | 1.5 | 31.00 | OK | |||
r-oldrel-macos-x86_64 | 1.5 | 52.00 | OK | |||
r-oldrel-windows-x86_64 | 1.5 | 21.00 | 115.00 | 136.00 | OK |
Version: 1.5
Check: compiled code
Result: NOTE
File ‘INSPIRE/libs/INSPIRE.so’:
Found no calls to: ‘R_registerRoutines’, ‘R_useDynamicSymbols’
It is good practice to register native routines and to disable symbol
search.
See ‘Writing portable packages’ in the ‘Writing R Extensions’ manual.
Flavors: r-devel-linux-x86_64-fedora-clang, r-devel-linux-x86_64-fedora-gcc