CRAN Package Check Results for Package IPWpn

Last updated on 2021-12-06 19:50:41 CET.

Flavor Version Tinstall Tcheck Ttotal Status Flags
r-devel-linux-x86_64-debian-clang 0.1.0 13.01 98.16 111.17 OK
r-devel-linux-x86_64-debian-gcc 0.1.0 8.49 75.39 83.88 OK
r-devel-linux-x86_64-fedora-clang 0.1.0 139.80 NOTE
r-devel-linux-x86_64-fedora-gcc 0.1.0 124.31 NOTE
r-devel-windows-x86_64-new-UL 0.1.0 21.00 132.00 153.00 OK
r-devel-windows-x86_64-new-TK 0.1.0 NOTE
r-devel-windows-x86_64-old 0.1.0 19.00 85.00 104.00 OK
r-patched-linux-x86_64 0.1.0 11.71 84.01 95.72 OK
r-release-linux-x86_64 0.1.0 10.75 93.85 104.60 OK
r-release-macos-arm64 0.1.0 NOTE
r-release-macos-x86_64 0.1.0 NOTE
r-release-windows-ix86+x86_64 0.1.0 29.00 112.00 141.00 OK
r-oldrel-macos-x86_64 0.1.0 NOTE
r-oldrel-windows-ix86+x86_64 0.1.0 27.00 119.00 146.00 OK

Additional issues

donttest

Check Details

Version: 0.1.0
Check: dependencies in R code
Result: NOTE
    Namespaces in Imports field not imported from:
     ‘mvtnorm’ ‘tidyr’
     All declared Imports should be used.
Flavors: r-devel-linux-x86_64-fedora-clang, r-devel-linux-x86_64-fedora-gcc, r-devel-windows-x86_64-new-TK, r-release-macos-arm64, r-release-macos-x86_64, r-oldrel-macos-x86_64