Last updated on 2025-04-29 21:49:51 CEST.
Flavor | Version | Tinstall | Tcheck | Ttotal | Status | Flags |
---|---|---|---|---|---|---|
r-devel-linux-x86_64-debian-clang | 0.6-2 | 2.15 | 24.67 | 26.82 | NOTE | |
r-devel-linux-x86_64-debian-gcc | 0.6-2 | 1.90 | 19.08 | 20.98 | NOTE | |
r-devel-linux-x86_64-fedora-clang | 0.6-2 | 42.61 | OK | |||
r-devel-linux-x86_64-fedora-gcc | 0.6-2 | 40.90 | OK | |||
r-devel-windows-x86_64 | 0.6-2 | 3.00 | 45.00 | 48.00 | OK | |
r-patched-linux-x86_64 | 0.6-2 | 2.48 | 23.65 | 26.13 | OK | |
r-release-linux-x86_64 | 0.6-2 | 2.41 | 23.79 | 26.20 | OK | |
r-release-macos-arm64 | 0.6-2 | 20.00 | OK | |||
r-release-macos-x86_64 | 0.6-2 | 33.00 | OK | |||
r-release-windows-x86_64 | 0.6-2 | 3.00 | 49.00 | 52.00 | OK | |
r-oldrel-macos-arm64 | 0.6-2 | 19.00 | OK | |||
r-oldrel-macos-x86_64 | 0.6-2 | 25.00 | OK | |||
r-oldrel-windows-x86_64 | 0.6-2 | 4.00 | 49.00 | 53.00 | OK |
Version: 0.6-2
Check: CRAN incoming feasibility
Result: NOTE
Maintainer: ‘Uwe Block <u.block.mz@googlemail.com>’
No Authors@R field in DESCRIPTION.
Please add one, modifying
Authors@R: c(person(given = "Uwe",
family = "Block",
role = c("aut", "cre"),
email = "u.block.mz@googlemail.com"),
person(given = c("using", "an", "algorithm", "by", "Hatto"),
family = "von Hatzfeld",
role = "aut",
email = "hatto@salesianer.de"))
as necessary.
Flavors: r-devel-linux-x86_64-debian-clang, r-devel-linux-x86_64-debian-gcc