CRAN Package Check Results for Package IceSat2R

Last updated on 2022-12-06 19:55:47 CET.

Flavor Version Tinstall Tcheck Ttotal Status Flags
r-devel-linux-x86_64-debian-clang 1.0.4 14.34 177.90 192.24 OK
r-devel-linux-x86_64-debian-gcc 1.0.4 10.10 132.18 142.28 OK
r-devel-linux-x86_64-fedora-clang 1.0.4 251.40 NOTE
r-devel-linux-x86_64-fedora-gcc 1.0.4 260.85 NOTE
r-devel-windows-x86_64 1.0.4 41.00 269.00 310.00 OK
r-patched-linux-x86_64 1.0.4 10.52 168.03 178.55 OK
r-release-linux-x86_64 1.0.4 7.93 152.56 160.49 OK
r-release-macos-arm64 1.0.4 93.00 NOTE
r-release-macos-x86_64 1.0.4 112.00 NOTE
r-release-windows-x86_64 1.0.4 35.00 268.00 303.00 OK
r-oldrel-macos-arm64 1.0.4 91.00 NOTE
r-oldrel-macos-x86_64 1.0.4 119.00 NOTE
r-oldrel-windows-ix86+x86_64 1.0.4 31.00 265.00 296.00 OK

Check Details

Version: 1.0.4
Check: data for non-ASCII characters
Result: NOTE
     Note: found 10 marked UTF-8 strings
Flavors: r-devel-linux-x86_64-fedora-clang, r-devel-linux-x86_64-fedora-gcc, r-release-macos-arm64, r-release-macos-x86_64, r-oldrel-macos-arm64, r-oldrel-macos-x86_64

Version: 1.0.4
Check: for detritus in the temp directory
Result: NOTE
    Found the following files/directories:
     ‘Crashpad’
Flavor: r-devel-linux-x86_64-fedora-gcc