CRAN Package Check Results for Package IntegratedMRF

Last updated on 2023-06-02 22:01:15 CEST.

Flavor Version Tinstall Tcheck Ttotal Status Flags
r-devel-linux-x86_64-debian-clang 1.1.9 24.39 52.79 77.18 NOTE
r-devel-linux-x86_64-debian-gcc 1.1.9 19.99 40.24 60.23 NOTE
r-devel-linux-x86_64-fedora-clang 1.1.9 104.91 NOTE
r-devel-linux-x86_64-fedora-gcc 1.1.9 114.74 NOTE
r-devel-windows-x86_64 1.1.9 23.00 84.00 107.00 OK
r-patched-linux-x86_64 1.1.9 NOTE
r-release-linux-x86_64 1.1.9 17.78 50.93 68.71 NOTE
r-release-macos-arm64 1.1.9 38.00 OK
r-release-macos-x86_64 1.1.9 46.00 OK
r-release-windows-x86_64 1.1.9 28.00 92.00 120.00 OK
r-oldrel-macos-arm64 1.1.9 38.00 OK
r-oldrel-macos-x86_64 1.1.9 97.00 OK
r-oldrel-windows-x86_64 1.1.9 24.00 88.00 112.00 OK

Check Details

Version: 1.1.9
Check: for non-standard things in the check directory
Result: NOTE
    Found the following files/directories:
     ‘Error_Estimation_Response_1.tiff’ ‘Error_Estimation_Response_2.tiff’
     ‘Error_Estimation_Response_3.tiff’
Flavors: r-devel-linux-x86_64-debian-clang, r-devel-linux-x86_64-debian-gcc, r-devel-linux-x86_64-fedora-clang, r-devel-linux-x86_64-fedora-gcc, r-patched-linux-x86_64, r-release-linux-x86_64