Last updated on 2022-05-25 21:53:01 CEST.
Flavor | Version | Tinstall | Tcheck | Ttotal | Status | Flags |
---|---|---|---|---|---|---|
r-devel-linux-x86_64-debian-clang | 1.1.9 | 22.82 | 61.62 | 84.44 | NOTE | |
r-devel-linux-x86_64-debian-gcc | 1.1.9 | 18.34 | 46.97 | 65.31 | NOTE | |
r-devel-linux-x86_64-fedora-clang | 1.1.9 | 109.44 | NOTE | |||
r-devel-linux-x86_64-fedora-gcc | 1.1.9 | 101.29 | NOTE | |||
r-devel-windows-x86_64 | 1.1.9 | 37.00 | 95.00 | 132.00 | OK | |
r-patched-linux-x86_64 | 1.1.9 | 17.14 | 59.98 | 77.12 | NOTE | |
r-release-linux-x86_64 | 1.1.9 | NOTE | ||||
r-release-macos-arm64 | 1.1.9 | 38.00 | OK | |||
r-release-macos-x86_64 | 1.1.9 | 7.00 | ERROR | |||
r-release-windows-x86_64 | 1.1.9 | 41.00 | 96.00 | 137.00 | OK | |
r-oldrel-macos-arm64 | 1.1.9 | 56.00 | OK | |||
r-oldrel-macos-x86_64 | 1.1.9 | 60.00 | OK | |||
r-oldrel-windows-ix86+x86_64 | 1.1.9 | 56.00 | 121.00 | 177.00 | OK |
Version: 1.1.9
Check: for non-standard things in the check directory
Result: NOTE
Found the following files/directories:
'Error_Estimation_Response_1.tiff' 'Error_Estimation_Response_2.tiff'
'Error_Estimation_Response_3.tiff'
Flavors: r-devel-linux-x86_64-debian-clang, r-devel-linux-x86_64-debian-gcc, r-devel-linux-x86_64-fedora-clang, r-devel-linux-x86_64-fedora-gcc, r-patched-linux-x86_64, r-release-linux-x86_64
Version: 1.1.9
Check: package dependencies
Result: ERROR
Package required but not available: ‘MultivariateRandomForest’
See section ‘The DESCRIPTION file’ in the ‘Writing R Extensions’
manual.
Flavor: r-release-macos-x86_64