Last updated on 2023-01-29 19:54:07 CET.
Flavor | Version | Tinstall | Tcheck | Ttotal | Status | Flags |
---|---|---|---|---|---|---|
r-devel-linux-x86_64-debian-clang | 1.1.3 | 3.67 | 221.68 | 225.35 | OK | |
r-devel-linux-x86_64-debian-gcc | 1.1.3 | 3.02 | 169.00 | 172.02 | OK | |
r-devel-linux-x86_64-fedora-clang | 1.1.3 | 258.08 | NOTE | |||
r-devel-linux-x86_64-fedora-gcc | 1.1.3 | 252.88 | NOTE | |||
r-devel-windows-x86_64 | 1.1.3 | 22.00 | 373.00 | 395.00 | OK | |
r-patched-linux-x86_64 | 1.1.3 | 3.62 | 204.63 | 208.25 | OK | |
r-release-linux-x86_64 | 1.1.3 | 3.63 | 208.03 | 211.66 | OK | |
r-release-macos-arm64 | 1.1.3 | 74.00 | NOTE | |||
r-release-macos-x86_64 | 1.1.3 | 115.00 | NOTE | |||
r-release-windows-x86_64 | 1.1.3 | 16.00 | 345.00 | 361.00 | OK | |
r-oldrel-macos-arm64 | 1.1.3 | 91.00 | NOTE | |||
r-oldrel-macos-x86_64 | 1.1.3 | 91.00 | NOTE | |||
r-oldrel-windows-ix86+x86_64 | 1.1.3 | 8.00 | 188.00 | 196.00 | OK |
Version: 1.1.3
Check: dependencies in R code
Result: NOTE
Namespaces in Imports field not imported from:
‘curl’ ‘readxl’
All declared Imports should be used.
Flavors: r-devel-linux-x86_64-fedora-clang, r-devel-linux-x86_64-fedora-gcc, r-release-macos-arm64, r-release-macos-x86_64, r-oldrel-macos-arm64, r-oldrel-macos-x86_64