CRAN Package Check Results for Package InterVA5

Last updated on 2024-02-27 19:54:41 CET.

Flavor Version Tinstall Tcheck Ttotal Status Flags
r-devel-linux-x86_64-debian-clang 1.1.3 4.27 213.28 217.55 OK
r-devel-linux-x86_64-debian-gcc 1.1.3 3.52 171.85 175.37 OK
r-devel-linux-x86_64-fedora-clang 1.1.3 257.45 NOTE
r-devel-linux-x86_64-fedora-gcc 1.1.3 254.31 NOTE
r-devel-windows-x86_64 1.1.3 4.00 257.00 261.00 OK
r-patched-linux-x86_64 1.1.3 3.49 213.79 217.28 OK
r-release-linux-x86_64 1.1.3 2.65 213.80 216.45 OK
r-release-macos-arm64 1.1.3 82.00 OK
r-release-macos-x86_64 1.1.3 124.00 OK
r-release-windows-x86_64 1.1.3 6.00 310.00 316.00 OK
r-oldrel-macos-arm64 1.1.3 74.00 NOTE
r-oldrel-windows-x86_64 1.1.3 7.00 316.00 323.00 OK

Check Details

Version: 1.1.3
Check: dependencies in R code
Result: NOTE Namespaces in Imports field not imported from: ‘curl’ ‘readxl’ All declared Imports should be used. Flavors: r-devel-linux-x86_64-fedora-clang, r-devel-linux-x86_64-fedora-gcc, r-oldrel-macos-arm64