Last updated on 2025-01-23 20:48:29 CET.
Flavor | Version | Tinstall | Tcheck | Ttotal | Status | Flags |
---|---|---|---|---|---|---|
r-devel-linux-x86_64-debian-clang | 0.9.3 | 34.32 | 465.97 | 500.29 | OK | |
r-devel-linux-x86_64-debian-gcc | 0.9.3 | 24.49 | 319.78 | 344.27 | NOTE | |
r-devel-linux-x86_64-fedora-clang | 0.9.3 | 811.86 | OK | |||
r-devel-linux-x86_64-fedora-gcc | 0.9.3 | 754.59 | OK | |||
r-devel-windows-x86_64 | 0.9.3 | 33.00 | 378.00 | 411.00 | OK | |
r-patched-linux-x86_64 | 0.9.3 | 34.46 | 441.85 | 476.31 | OK | |
r-release-linux-x86_64 | 0.9.3 | 33.25 | 448.46 | 481.71 | OK | |
r-release-macos-arm64 | 0.9.3 | 198.00 | OK | |||
r-release-macos-x86_64 | 0.9.3 | 528.00 | OK | |||
r-release-windows-x86_64 | 0.9.3 | 32.00 | 369.00 | 401.00 | OK | |
r-oldrel-macos-arm64 | 0.9.3 | 199.00 | OK | |||
r-oldrel-macos-x86_64 | 0.9.3 | 423.00 | OK | |||
r-oldrel-windows-x86_64 | 0.9.3 | 40.00 | 515.00 | 555.00 | OK |
Version: 0.9.3
Check: DESCRIPTION meta-information
Result: NOTE
Missing dependency on R >= 4.1.0 because package code uses the pipe
|> or function shorthand \(...) syntax added in R 4.1.0.
File(s) using such syntax:
‘calibfit.R’ ‘isofind.R’ ‘prepsources.R’ ‘serialize.R’
Flavor: r-devel-linux-x86_64-debian-gcc