CRAN Package Check Results for Package JUMP

Last updated on 2024-03-02 19:50:20 CET.

Flavor Version Tinstall Tcheck Ttotal Status Flags
r-devel-linux-x86_64-debian-clang 1.0.1 26.89 28.81 55.70 OK
r-devel-linux-x86_64-debian-gcc 1.0.1 24.46 22.72 47.18 OK
r-devel-linux-x86_64-fedora-clang 1.0.1 85.20 OK
r-devel-linux-x86_64-fedora-gcc 1.0.1 81.65 OK
r-devel-windows-x86_64 1.0.1 25.00 62.00 87.00 OK
r-patched-linux-x86_64 1.0.1 26.84 28.80 55.64 NOTE
r-release-linux-x86_64 1.0.1 29.66 28.79 58.45 NOTE
r-release-macos-arm64 1.0.1 28.00 OK
r-release-macos-x86_64 1.0.1 51.00 OK
r-release-windows-x86_64 1.0.1 24.00 66.00 90.00 OK
r-oldrel-macos-arm64 1.0.1 32.00 OK
r-oldrel-windows-x86_64 1.0.1 31.00 65.00 96.00 OK

Check Details

Version: 1.0.1
Check: DESCRIPTION meta-information
Result: NOTE Dependence on R version ‘4.1.2’ not with patchlevel 0 Flavors: r-patched-linux-x86_64, r-release-linux-x86_64