CRAN Package Check Results for Package JumpTest

Last updated on 2021-05-05 22:51:38 CEST.

Flavor Version Tinstall Tcheck Ttotal Status Flags
r-devel-linux-x86_64-debian-clang 1.1 22.63 93.13 115.76 NOTE
r-devel-linux-x86_64-debian-gcc 1.1 15.87 67.46 83.33 NOTE
r-devel-linux-x86_64-fedora-clang 1.1 158.62 OK
r-devel-linux-x86_64-fedora-gcc 1.1 141.76 OK
r-devel-windows-ix86+x86_64 1.1 45.00 152.00 197.00 NOTE
r-devel-windows-x86_64-gcc10-UCRT 1.1 OK
r-patched-linux-x86_64 1.1 18.47 90.21 108.68 NOTE
r-patched-solaris-x86 1.1 191.50 OK
r-release-linux-x86_64 1.1 20.44 88.32 108.76 NOTE
r-release-macos-x86_64 1.1 OK
r-release-windows-ix86+x86_64 1.1 43.00 117.00 160.00 NOTE
r-oldrel-macos-x86_64 1.1 OK
r-oldrel-windows-ix86+x86_64 1.1 49.00 152.00 201.00 OK

Check Details

Version: 1.1
Check: package vignettes
Result: NOTE
    Package vignette with placeholder title 'Vignette Title':
     'jumptest.Rmd'
Flavors: r-devel-linux-x86_64-debian-clang, r-devel-linux-x86_64-debian-gcc, r-devel-windows-ix86+x86_64, r-patched-linux-x86_64, r-release-linux-x86_64, r-release-windows-ix86+x86_64