CRAN Package Check Results for Package KODAMA

Last updated on 2024-02-21 19:53:18 CET.

Flavor Version Tinstall Tcheck Ttotal Status Flags
r-devel-linux-x86_64-debian-clang 2.4 OK
r-devel-linux-x86_64-debian-gcc 2.4 59.32 77.82 137.14 OK
r-devel-linux-x86_64-fedora-clang 2.4 253.71 OK
r-devel-linux-x86_64-fedora-gcc 2.4 247.02 OK
r-devel-windows-x86_64 2.4 61.00 128.00 189.00 OK
r-patched-linux-x86_64 2.4 80.18 100.62 180.80 OK
r-release-linux-x86_64 2.4 67.83 101.27 169.10 OK
r-release-macos-arm64 2.4 72.00 NOTE
r-release-macos-x86_64 2.4 125.00 NOTE
r-release-windows-x86_64 2.4 77.00 148.00 225.00 OK
r-oldrel-macos-arm64 2.4 64.00 NOTE
r-oldrel-windows-x86_64 2.4 74.00 144.00 218.00 OK

Check Details

Version: 2.4
Check: installed package size
Result: NOTE installed size is 6.9Mb sub-directories of 1Mb or more: data 1.6Mb libs 4.1Mb Flavors: r-release-macos-arm64, r-release-macos-x86_64, r-oldrel-macos-arm64