Last updated on 2021-01-23 19:47:38 CET.
Flavor | Version | Tinstall | Tcheck | Ttotal | Status | Flags |
---|---|---|---|---|---|---|
r-devel-linux-x86_64-debian-clang | 2.4.1 | 20.88 | 103.21 | 124.09 | OK | |
r-devel-linux-x86_64-debian-gcc | 2.4.1 | 15.32 | 75.61 | 90.93 | OK | |
r-devel-linux-x86_64-fedora-clang | 2.4.1 | 159.57 | OK | |||
r-devel-linux-x86_64-fedora-gcc | 2.4.1 | 153.44 | OK | |||
r-devel-windows-ix86+x86_64 | 2.4.1 | 36.00 | 112.00 | 148.00 | OK | |
r-patched-linux-x86_64 | 2.4.1 | 13.65 | 92.09 | 105.74 | OK | |
r-patched-solaris-x86 | 2.4.1 | 163.60 | OK | |||
r-release-linux-x86_64 | 2.4.1 | 13.97 | 92.41 | 106.38 | OK | |
r-release-macos-x86_64 | 2.4.1 | OK | ||||
r-release-windows-ix86+x86_64 | 2.4.1 | 29.00 | 94.00 | 123.00 | OK | |
r-oldrel-macos-x86_64 | 2.4.1 | NOTE | ||||
r-oldrel-windows-ix86+x86_64 | 2.4.1 | 26.00 | 103.00 | 129.00 | OK |
Version: 2.4.1
Check: dependencies in R code
Result: NOTE
No protocol specified
No protocol specified
Flavor: r-oldrel-macos-x86_64