Last updated on 2023-01-27 19:49:35 CET.
Flavor | Version | Tinstall | Tcheck | Ttotal | Status | Flags |
---|---|---|---|---|---|---|
r-devel-linux-x86_64-debian-clang | 2.1 | 19.61 | 130.56 | 150.17 | NOTE | |
r-devel-linux-x86_64-debian-gcc | 2.1 | 14.93 | 98.14 | 113.07 | NOTE | |
r-devel-linux-x86_64-fedora-clang | 2.1 | 179.67 | NOTE | |||
r-devel-linux-x86_64-fedora-gcc | 2.1 | 203.42 | NOTE | |||
r-devel-windows-x86_64 | 2.1 | 21.00 | 153.00 | 174.00 | OK | |
r-patched-linux-x86_64 | 2.1 | 18.09 | 127.34 | 145.43 | NOTE | |
r-release-linux-x86_64 | 2.1 | 18.09 | 131.10 | 149.19 | NOTE | |
r-release-macos-arm64 | 2.1 | 46.00 | NOTE | |||
r-release-macos-x86_64 | 2.1 | 72.00 | NOTE | |||
r-release-windows-x86_64 | 2.1 | 20.00 | 104.00 | 124.00 | OK | |
r-oldrel-macos-arm64 | 2.1 | 53.00 | NOTE | |||
r-oldrel-macos-x86_64 | 2.1 | 61.00 | NOTE | |||
r-oldrel-windows-ix86+x86_64 | 2.1 | 32.00 | 143.00 | 175.00 | OK |
Version: 2.1
Check: package dependencies
Result: NOTE
Package suggested but not available for checking: ‘VARSEDIG’
Flavors: r-devel-linux-x86_64-debian-clang, r-devel-linux-x86_64-debian-gcc, r-devel-linux-x86_64-fedora-clang, r-devel-linux-x86_64-fedora-gcc, r-patched-linux-x86_64, r-release-linux-x86_64
Version: 2.1
Check: Rd cross-references
Result: NOTE
Unknown package ‘VARSEDIG’ in Rd xrefs
Flavors: r-devel-linux-x86_64-debian-clang, r-devel-linux-x86_64-debian-gcc, r-devel-linux-x86_64-fedora-gcc, r-patched-linux-x86_64, r-release-linux-x86_64
Version: 2.1
Check: Rd cross-references
Result: NOTE
Undeclared packages ‘usdm’, ‘car’, ‘IDPmisc’, ‘psych’, ‘REdaS’, ‘candisc’ in Rd xrefs
Unknown package ‘VARSEDIG’ in Rd xrefs
Flavor: r-devel-linux-x86_64-fedora-clang
Version: 2.1
Check: data for non-ASCII characters
Result: NOTE
Note: found 9 marked Latin-1 strings
Flavors: r-devel-linux-x86_64-fedora-clang, r-devel-linux-x86_64-fedora-gcc, r-release-macos-arm64, r-release-macos-x86_64, r-oldrel-macos-arm64, r-oldrel-macos-x86_64
Version: 2.1
Check: Rd cross-references
Result: NOTE
Unknown package ‘REdaS’ in Rd xrefs
Flavor: r-release-macos-x86_64