CRAN Package Check Results for Package LEANR

Last updated on 2021-12-01 19:51:39 CET.

Flavor Version Tinstall Tcheck Ttotal Status Flags
r-devel-linux-x86_64-debian-clang 1.4.9 7.36 128.45 135.81 OK
r-devel-linux-x86_64-debian-gcc 1.4.9 5.51 92.60 98.11 OK
r-devel-linux-x86_64-fedora-clang 1.4.9 167.45 OK
r-devel-linux-x86_64-fedora-gcc 1.4.9 168.34 OK
r-devel-windows-x86_64-new-UL 1.4.9 15.00 189.00 204.00 NOTE
r-devel-windows-x86_64-new-TK 1.4.9 NOTE
r-devel-windows-x86_64-old 1.4.9 12.00 123.00 135.00 NOTE
r-patched-linux-x86_64 1.4.9 8.77 124.12 132.89 OK
r-patched-solaris-x86 1.4.9 199.10 OK
r-release-linux-x86_64 1.4.9 7.44 120.23 127.67 OK
r-release-macos-arm64 1.4.9 OK
r-release-macos-x86_64 1.4.9 OK
r-release-windows-ix86+x86_64 1.4.9 13.00 154.00 167.00 NOTE
r-oldrel-macos-x86_64 1.4.9 OK
r-oldrel-windows-ix86+x86_64 1.4.9 9.00 139.00 148.00 NOTE

Check Details

Version: 1.4.9
Check: package dependencies
Result: NOTE
    Package suggested but not available for checking: 'doMC'
Flavors: r-devel-windows-x86_64-new-UL, r-devel-windows-x86_64-new-TK, r-devel-windows-x86_64-old, r-release-windows-ix86+x86_64, r-oldrel-windows-ix86+x86_64