CRAN Package Check Results for Package LLM

Last updated on 2022-05-26 21:50:09 CEST.

Flavor Version Tinstall Tcheck Ttotal Status Flags
r-devel-linux-x86_64-debian-clang 1.1.0 15.86 164.63 180.49 NOTE
r-devel-linux-x86_64-debian-gcc 1.1.0 15.53 131.67 147.20 NOTE
r-devel-linux-x86_64-fedora-clang 1.1.0 201.75 NOTE
r-devel-linux-x86_64-fedora-gcc 1.1.0 212.08 NOTE
r-devel-windows-x86_64 1.1.0 17.00 156.00 173.00 NOTE
r-patched-linux-x86_64 1.1.0 16.35 153.35 169.70 NOTE
r-release-linux-x86_64 1.1.0 16.69 156.68 173.37 NOTE
r-release-macos-arm64 1.1.0 53.00 NOTE
r-release-macos-x86_64 1.1.0 113.00 NOTE
r-release-windows-x86_64 1.1.0 20.00 155.00 175.00 NOTE
r-oldrel-macos-arm64 1.1.0 78.00 NOTE
r-oldrel-macos-x86_64 1.1.0 101.00 NOTE
r-oldrel-windows-ix86+x86_64 1.1.0 35.00 165.00 200.00 NOTE

Check Details

Version: 1.1.0
Check: LazyData
Result: NOTE
     'LazyData' is specified without a 'data' directory
Flavors: r-devel-linux-x86_64-debian-clang, r-devel-linux-x86_64-debian-gcc, r-devel-linux-x86_64-fedora-clang, r-devel-linux-x86_64-fedora-gcc, r-devel-windows-x86_64, r-patched-linux-x86_64, r-release-linux-x86_64, r-release-macos-arm64, r-release-macos-x86_64, r-release-windows-x86_64, r-oldrel-macos-arm64, r-oldrel-macos-x86_64, r-oldrel-windows-ix86+x86_64