Last updated on 2023-03-22 19:53:29 CET.
Flavor | Version | Tinstall | Tcheck | Ttotal | Status | Flags |
---|---|---|---|---|---|---|
r-devel-linux-x86_64-debian-clang | 1.0.4 | 48.12 | 76.43 | 124.55 | OK | |
r-devel-linux-x86_64-debian-gcc | 1.0.4 | 35.49 | 58.10 | 93.59 | OK | |
r-devel-linux-x86_64-fedora-clang | 1.0.4 | 176.04 | NOTE | |||
r-devel-linux-x86_64-fedora-gcc | 1.0.4 | 174.30 | NOTE | |||
r-devel-windows-x86_64 | 1.0.4 | 72.00 | 132.00 | 204.00 | NOTE | |
r-patched-linux-x86_64 | 1.0.4 | 40.47 | 74.62 | 115.09 | OK | |
r-release-linux-x86_64 | 1.0.4 | 40.96 | 73.81 | 114.77 | OK | |
r-release-macos-arm64 | 1.0.4 | 51.00 | OK | |||
r-release-macos-x86_64 | 1.0.4 | 69.00 | NOTE | |||
r-release-windows-x86_64 | 1.0.4 | 69.00 | 128.00 | 197.00 | OK | |
r-oldrel-macos-arm64 | 1.0.4 | 55.00 | OK | |||
r-oldrel-macos-x86_64 | 1.0.4 | 69.00 | NOTE | |||
r-oldrel-windows-ix86+x86_64 | 1.0.4 | 110.00 | 153.00 | 263.00 | OK |
Version: 1.0.4
Check: dependencies in R code
Result: NOTE
Namespaces in Imports field not imported from:
‘agridat’ ‘ggplot2’ ‘maps’ ‘sp’
All declared Imports should be used.
Flavors: r-devel-linux-x86_64-fedora-clang, r-devel-linux-x86_64-fedora-gcc, r-release-macos-x86_64, r-oldrel-macos-x86_64
Version: 1.0.4
Check: C++ specification
Result: NOTE
Specified C++11: please drop specification unless essential
Flavor: r-devel-windows-x86_64