Last updated on 2021-04-17 21:48:58 CEST.
Flavor | Version | Tinstall | Tcheck | Ttotal | Status | Flags |
---|---|---|---|---|---|---|
r-devel-linux-x86_64-debian-clang | 16.1.4 | 47.44 | 289.82 | 337.26 | OK | |
r-devel-linux-x86_64-debian-gcc | 16.1.4 | 37.46 | 216.49 | 253.95 | OK | |
r-devel-linux-x86_64-fedora-clang | 16.1.4 | 442.87 | NOTE | |||
r-devel-linux-x86_64-fedora-gcc | 16.1.4 | 453.93 | OK | |||
r-devel-windows-ix86+x86_64 | 16.1.4 | 76.00 | 314.00 | 390.00 | NOTE | |
r-devel-windows-x86_64-gcc10-UCRT | 16.1.4 | OK | ||||
r-patched-linux-x86_64 | 16.1.4 | 44.52 | 269.16 | 313.68 | OK | |
r-patched-solaris-x86 | 16.1.4 | 456.00 | NOTE | |||
r-release-linux-x86_64 | 16.1.4 | 46.34 | 268.58 | 314.92 | OK | |
r-release-macos-x86_64 | 16.1.4 | NOTE | ||||
r-release-windows-ix86+x86_64 | 16.1.4 | 60.00 | 315.00 | 375.00 | NOTE | |
r-oldrel-macos-x86_64 | 16.1.4 | NOTE | ||||
r-oldrel-windows-ix86+x86_64 | 16.1.4 | 52.00 | 284.00 | 336.00 | NOTE |
Version: 16.1.4
Check: installed package size
Result: NOTE
installed size is 5.2Mb
sub-directories of 1Mb or more:
R 1.5Mb
doc 2.0Mb
help 1.1Mb
Flavors: r-devel-linux-x86_64-fedora-clang, r-devel-windows-ix86+x86_64, r-patched-solaris-x86, r-release-macos-x86_64, r-release-windows-ix86+x86_64, r-oldrel-macos-x86_64, r-oldrel-windows-ix86+x86_64