CRAN Package Check Results for Package LassoGEE

Last updated on 2021-11-29 19:51:33 CET.

Flavor Version Tinstall Tcheck Ttotal Status Flags
r-devel-linux-x86_64-debian-clang 1.0 43.48 117.94 161.42 NOTE
r-devel-linux-x86_64-debian-gcc 1.0 32.93 88.46 121.39 NOTE
r-devel-linux-x86_64-fedora-clang 1.0 213.29 NOTE
r-devel-linux-x86_64-fedora-gcc 1.0 206.87 NOTE
r-devel-windows-x86_64-new-UL 1.0 60.00 177.00 237.00 NOTE
r-devel-windows-x86_64-new-TK 1.0 NOTE
r-devel-windows-x86_64-old 1.0 60.00 120.00 180.00 NOTE
r-patched-linux-x86_64 1.0 39.37 109.44 148.81 NOTE
r-patched-solaris-x86 1.0 246.20 NOTE
r-release-linux-x86_64 1.0 36.39 112.57 148.96 NOTE
r-release-macos-arm64 1.0 NOTE
r-release-macos-x86_64 1.0 NOTE
r-release-windows-ix86+x86_64 1.0 106.00 151.00 257.00 NOTE
r-oldrel-macos-x86_64 1.0 OK
r-oldrel-windows-ix86+x86_64 1.0 79.00 186.00 265.00 OK

Check Details

Version: 1.0
Check: LazyData
Result: NOTE
     'LazyData' is specified without a 'data' directory
Flavors: r-devel-linux-x86_64-debian-clang, r-devel-linux-x86_64-debian-gcc, r-devel-linux-x86_64-fedora-clang, r-devel-linux-x86_64-fedora-gcc, r-devel-windows-x86_64-new-UL, r-devel-windows-x86_64-new-TK, r-devel-windows-x86_64-old, r-patched-linux-x86_64, r-patched-solaris-x86, r-release-linux-x86_64, r-release-macos-arm64, r-release-macos-x86_64, r-release-windows-ix86+x86_64