CRAN Package Check Results for Package LifeTables

Last updated on 2022-01-20 19:50:59 CET.

Flavor Version Tinstall Tcheck Ttotal Status Flags
r-devel-linux-x86_64-debian-clang 1.0 NOTE
r-devel-linux-x86_64-debian-gcc 1.0 2.46 30.29 32.75 NOTE
r-devel-linux-x86_64-fedora-clang 1.0 53.25 NOTE
r-devel-linux-x86_64-fedora-gcc 1.0 39.91 NOTE
r-devel-windows-x86_64-new-UL 1.0 35.00 60.00 95.00 NOTE
r-devel-windows-x86_64-new-TK 1.0 NOTE
r-patched-linux-x86_64 1.0 4.29 37.79 42.08 NOTE
r-release-linux-x86_64 1.0 2.93 38.05 40.98 NOTE
r-release-macos-arm64 1.0 NOTE
r-release-macos-x86_64 1.0 NOTE
r-release-windows-ix86+x86_64 1.0 7.00 47.00 54.00 OK
r-oldrel-macos-x86_64 1.0 NOTE
r-oldrel-windows-ix86+x86_64 1.0 7.00 47.00 54.00 OK

Check Details

Version: 1.0
Check: package dependencies
Result: NOTE
    Packages suggested but not available for checking:
     'gWidgets', 'gWidgetsRGtk2', 'RGtk2'
Flavors: r-devel-linux-x86_64-debian-clang, r-devel-linux-x86_64-debian-gcc, r-devel-linux-x86_64-fedora-clang, r-devel-linux-x86_64-fedora-gcc, r-devel-windows-x86_64-new-TK, r-patched-linux-x86_64, r-release-linux-x86_64, r-release-macos-arm64

Version: 1.0
Check: package dependencies
Result: NOTE
    Packages suggested but not available for checking:
     'gWidgets', 'gWidgetsRGtk2'
Flavors: r-devel-windows-x86_64-new-UL, r-release-macos-x86_64, r-oldrel-macos-x86_64