CRAN Package Check Results for Package LinRegInteractive

Last updated on 2021-04-17 21:48:59 CEST.

Flavor Version Tinstall Tcheck Ttotal Status Flags
r-devel-linux-x86_64-debian-clang 0.3-3 4.72 49.38 54.10 OK
r-devel-linux-x86_64-debian-gcc 0.3-3 3.59 39.35 42.94 OK
r-devel-linux-x86_64-fedora-clang 0.3-3 81.97 OK
r-devel-linux-x86_64-fedora-gcc 0.3-3 73.75 OK
r-devel-windows-ix86+x86_64 0.3-3 8.00 66.00 74.00 OK
r-devel-windows-x86_64-gcc10-UCRT 0.3-3 OK
r-patched-linux-x86_64 0.3-3 4.82 48.41 53.23 OK
r-patched-solaris-x86 0.3-3 97.80 OK
r-release-linux-x86_64 0.3-3 4.37 48.84 53.21 OK
r-release-macos-x86_64 0.3-3 ERROR
r-release-windows-ix86+x86_64 0.3-3 8.00 68.00 76.00 OK
r-oldrel-macos-x86_64 0.3-3 ERROR
r-oldrel-windows-ix86+x86_64 0.3-3 6.00 63.00 69.00 OK

Check Details

Version: 0.3-3
Check: package dependencies
Result: ERROR
    Package required but not available: ‘rpanel’
    
    See section ‘The DESCRIPTION file’ in the ‘Writing R Extensions’
    manual.
Flavors: r-release-macos-x86_64, r-oldrel-macos-x86_64