Last updated on 2022-05-26 21:50:09 CEST.
Flavor | Version | Tinstall | Tcheck | Ttotal | Status | Flags |
---|---|---|---|---|---|---|
r-devel-linux-x86_64-debian-clang | 0.1.5 | 60.91 | 143.20 | 204.11 | NOTE | |
r-devel-linux-x86_64-debian-gcc | 0.1.5 | 48.44 | 119.63 | 168.07 | NOTE | |
r-devel-linux-x86_64-fedora-clang | 0.1.5 | 261.42 | NOTE | |||
r-devel-linux-x86_64-fedora-gcc | 0.1.5 | 241.29 | NOTE | |||
r-devel-windows-x86_64 | 0.1.5 | 71.00 | 169.00 | 240.00 | NOTE | |
r-patched-linux-x86_64 | 0.1.5 | 50.83 | 133.68 | 184.51 | NOTE | |
r-release-linux-x86_64 | 0.1.5 | 43.17 | 135.49 | 178.66 | NOTE | |
r-release-macos-arm64 | 0.1.5 | 59.00 | NOTE | |||
r-release-macos-x86_64 | 0.1.5 | 103.00 | NOTE | |||
r-release-windows-x86_64 | 0.1.5 | 65.00 | 164.00 | 229.00 | NOTE | |
r-oldrel-macos-arm64 | 0.1.5 | 68.00 | NOTE | |||
r-oldrel-macos-x86_64 | 0.1.5 | 102.00 | NOTE | |||
r-oldrel-windows-ix86+x86_64 | 0.1.5 | 130.00 | 197.00 | 327.00 | NOTE |
Version: 0.1.5
Check: LazyData
Result: NOTE
'LazyData' is specified without a 'data' directory
Flavors: r-devel-linux-x86_64-debian-clang, r-devel-linux-x86_64-debian-gcc, r-devel-linux-x86_64-fedora-clang, r-devel-linux-x86_64-fedora-gcc, r-devel-windows-x86_64, r-patched-linux-x86_64, r-release-linux-x86_64, r-release-macos-arm64, r-release-macos-x86_64, r-release-windows-x86_64, r-oldrel-macos-arm64, r-oldrel-macos-x86_64, r-oldrel-windows-ix86+x86_64