CRAN Package Check Results for Package LocalControl

Last updated on 2021-06-21 21:51:24 CEST.

Flavor Version Tinstall Tcheck Ttotal Status Flags
r-devel-linux-x86_64-debian-clang 1.1.2.2 38.79 80.29 119.08 OK
r-devel-linux-x86_64-debian-gcc 1.1.2.2 25.36 63.10 88.46 OK
r-devel-linux-x86_64-fedora-clang 1.1.2.2 164.59 OK
r-devel-linux-x86_64-fedora-gcc 1.1.2.2 155.06 OK
r-devel-windows-x86_64 1.1.2.2 44.00 96.00 140.00 OK
r-devel-windows-x86_64-gcc10-UCRT 1.1.2.2 OK
r-patched-linux-x86_64 1.1.2.2 29.39 80.20 109.59 OK
r-patched-solaris-x86 1.1.2.2 166.00 OK
r-release-linux-x86_64 1.1.2.2 30.99 80.39 111.38 OK
r-release-macos-arm64 1.1.2.2 NOTE
r-release-macos-x86_64 1.1.2.2 OK
r-release-windows-ix86+x86_64 1.1.2.2 79.00 126.00 205.00 OK
r-oldrel-macos-x86_64 1.1.2.2 OK

Check Details

Version: 1.1.2.2
Check: installed package size
Result: NOTE
     installed size is 5.1Mb
     sub-directories of 1Mb or more:
     doc 2.2Mb
     libs 2.5Mb
Flavor: r-release-macos-arm64