CRAN Package Check Results for Package LogicReg

Last updated on 2025-04-30 21:52:49 CEST.

Flavor Version Tinstall Tcheck Ttotal Status Flags
r-devel-linux-x86_64-debian-clang 1.6.6 19.54 71.58 91.12 NOTE
r-devel-linux-x86_64-debian-gcc 1.6.6 10.97 52.33 63.30 NOTE
r-devel-linux-x86_64-fedora-clang 1.6.6 143.17 OK
r-devel-linux-x86_64-fedora-gcc 1.6.6 132.74 OK
r-devel-windows-x86_64 1.6.6 21.00 99.00 120.00 OK
r-patched-linux-x86_64 1.6.6 16.92 68.72 85.64 OK
r-release-linux-x86_64 1.6.6 14.48 67.24 81.72 OK
r-release-macos-arm64 1.6.6 55.00 OK
r-release-macos-x86_64 1.6.6 76.00 OK
r-release-windows-x86_64 1.6.6 22.00 106.00 128.00 OK
r-oldrel-macos-arm64 1.6.6 42.00 OK
r-oldrel-macos-x86_64 1.6.6 62.00 OK
r-oldrel-windows-x86_64 1.6.6 25.00 109.00 134.00 OK

Check Details

Version: 1.6.6
Check: CRAN incoming feasibility
Result: NOTE Maintainer: ‘Charles Kooperberg <clk@fredhutch.org>’ No Authors@R field in DESCRIPTION. Please add one, modifying Authors@R: c(person(given = "Charles", family = "Kooperberg", role = c("aut", "cre"), email = "clk@fredhutch.org"), person(given = "Ingo", family = "Ruczinski", role = "aut", email = "ingo@jhu.edu")) as necessary. Flavors: r-devel-linux-x86_64-debian-clang, r-devel-linux-x86_64-debian-gcc