CRAN Package Check Results for Package LowWAFOMSobol

Last updated on 2021-11-29 19:51:34 CET.

Flavor Version Tinstall Tcheck Ttotal Status Flags
r-devel-linux-x86_64-debian-clang 1.1.1 24.55 41.17 65.72 OK
r-devel-linux-x86_64-debian-gcc 1.1.1 19.25 32.55 51.80 OK
r-devel-linux-x86_64-fedora-clang 1.1.1 115.05 NOTE
r-devel-linux-x86_64-fedora-gcc 1.1.1 92.28 OK
r-devel-windows-x86_64-new-UL 1.1.1 42.00 104.00 146.00 NOTE
r-devel-windows-x86_64-new-TK 1.1.1 OK
r-devel-windows-x86_64-old 1.1.1 39.00 57.00 96.00 NOTE
r-patched-linux-x86_64 1.1.1 23.87 39.93 63.80 OK
r-patched-solaris-x86 1.1.1 109.30 OK
r-release-linux-x86_64 1.1.1 24.19 40.92 65.11 OK
r-release-macos-arm64 1.1.1 NOTE
r-release-macos-x86_64 1.1.1 NOTE
r-release-windows-ix86+x86_64 1.1.1 70.00 96.00 166.00 NOTE
r-oldrel-macos-x86_64 1.1.1 NOTE
r-oldrel-windows-ix86+x86_64 1.1.1 47.00 90.00 137.00 NOTE

Check Details

Version: 1.1.1
Check: installed package size
Result: NOTE
     installed size is 5.5Mb
     sub-directories of 1Mb or more:
     extdata 4.5Mb
Flavors: r-devel-linux-x86_64-fedora-clang, r-devel-windows-x86_64-new-UL, r-devel-windows-x86_64-old, r-release-macos-arm64, r-release-macos-x86_64, r-release-windows-ix86+x86_64, r-oldrel-macos-x86_64, r-oldrel-windows-ix86+x86_64