CRAN Package Check Results for Package Luminescence

Last updated on 2022-01-22 20:48:40 CET.

Flavor Version Tinstall Tcheck Ttotal Status Flags
r-devel-linux-x86_64-debian-clang 0.9.18 99.57 321.71 421.28 OK
r-devel-linux-x86_64-debian-gcc 0.9.18 74.73 235.29 310.02 OK
r-devel-linux-x86_64-fedora-clang 0.9.18 553.84 NOTE
r-devel-linux-x86_64-fedora-gcc 0.9.18 526.91 OK
r-devel-windows-x86_64-new-UL 0.9.18 603.00 418.00 1021.00 NOTE
r-devel-windows-x86_64-new-TK 0.9.18 OK
r-patched-linux-x86_64 0.9.18 101.91 304.62 406.53 OK
r-release-linux-x86_64 0.9.18 79.26 303.82 383.08 OK
r-release-macos-arm64 0.9.17 NOTE
r-release-macos-x86_64 0.9.18 NOTE
r-release-windows-ix86+x86_64 0.9.18 202.00 489.00 691.00 NOTE
r-oldrel-macos-x86_64 0.9.16 NOTE
r-oldrel-windows-ix86+x86_64 0.9.18 198.00 498.00 696.00 NOTE

Check Details

Version: 0.9.18
Check: installed package size
Result: NOTE
     installed size is 5.6Mb
     sub-directories of 1Mb or more:
     R 1.6Mb
     help 1.2Mb
     libs 1.6Mb
Flavors: r-devel-linux-x86_64-fedora-clang, r-devel-windows-x86_64-new-UL, r-release-macos-x86_64, r-release-windows-ix86+x86_64, r-oldrel-windows-ix86+x86_64

Version: 0.9.17
Check: installed package size
Result: NOTE
     installed size is 6.8Mb
     sub-directories of 1Mb or more:
     R 2.1Mb
     help 1.2Mb
     libs 2.3Mb
Flavor: r-release-macos-arm64

Version: 0.9.16
Check: installed package size
Result: NOTE
     installed size is 6.4Mb
     sub-directories of 1Mb or more:
     R 1.7Mb
     help 1.2Mb
     libs 2.2Mb
Flavor: r-oldrel-macos-x86_64