CRAN Package Check Results for Package MAINT.Data

Last updated on 2022-01-16 19:49:31 CET.

Flavor Version Tinstall Tcheck Ttotal Status Flags
r-devel-linux-x86_64-debian-clang 2.6.2 222.82 169.75 392.57 OK
r-devel-linux-x86_64-debian-gcc 2.6.2 178.51 139.57 318.08 OK
r-devel-linux-x86_64-fedora-clang 2.6.2 556.77 NOTE
r-devel-linux-x86_64-fedora-gcc 2.6.2 540.62 OK
r-devel-windows-x86_64-new-UL 2.6.2 531.00 196.00 727.00 NOTE
r-devel-windows-x86_64-new-TK 2.6.2 OK
r-patched-linux-x86_64 2.6.2 207.58 160.58 368.16 OK
r-release-linux-x86_64 2.6.2 OK
r-release-macos-arm64 2.6.2 NOTE
r-release-macos-x86_64 2.6.2 NOTE
r-release-windows-ix86+x86_64 2.6.2 544.00 248.00 792.00 NOTE
r-oldrel-macos-x86_64 2.6.2 NOTE
r-oldrel-windows-ix86+x86_64 2.6.2 539.00 245.00 784.00 NOTE

Check Details

Version: 2.6.2
Check: installed package size
Result: NOTE
     installed size is 8.9Mb
     sub-directories of 1Mb or more:
     R 1.5Mb
     data 2.3Mb
     libs 4.7Mb
Flavors: r-devel-linux-x86_64-fedora-clang, r-devel-windows-x86_64-new-UL, r-release-macos-arm64, r-release-macos-x86_64, r-release-windows-ix86+x86_64, r-oldrel-macos-x86_64, r-oldrel-windows-ix86+x86_64