CRAN Package Check Results for Package MANOVA.RM

Last updated on 2023-12-10 19:49:16 CET.

Flavor Version Tinstall Tcheck Ttotal Status Flags
r-devel-linux-x86_64-debian-clang 0.5.4 10.41 238.66 249.07 NOTE
r-devel-linux-x86_64-debian-gcc 0.5.4 8.87 174.08 182.95 NOTE
r-devel-linux-x86_64-fedora-clang 0.5.4 295.58 OK
r-devel-linux-x86_64-fedora-gcc 0.5.4 305.41 OK
r-devel-windows-x86_64 0.5.4 10.00 171.00 181.00 OK
r-patched-linux-x86_64 0.5.4 7.96 230.11 238.07 OK
r-release-linux-x86_64 0.5.4 11.40 224.18 235.58 OK
r-release-macos-arm64 0.5.4 89.00 OK
r-release-macos-x86_64 0.5.4 258.00 OK
r-release-windows-x86_64 0.5.4 13.00 226.00 239.00 OK
r-oldrel-macos-arm64 0.5.4 77.00 OK
r-oldrel-macos-x86_64 0.5.4 112.00 OK
r-oldrel-windows-x86_64 0.5.4 13.00 234.00 247.00 OK

Check Details

Version: 0.5.4
Check: Rd files
Result: NOTE checkRd: (-1) EEGwide.Rd:30-33: Lost braces 30 | if(requireNamespace("ggplot2")){ | ^ Flavors: r-devel-linux-x86_64-debian-clang, r-devel-linux-x86_64-debian-gcc