CRAN Package Check Results for Package MARSS

Last updated on 2022-01-23 19:48:34 CET.

Flavor Version Tinstall Tcheck Ttotal Status Flags
r-devel-linux-x86_64-debian-clang 3.11.4 19.70 297.90 317.60 OK
r-devel-linux-x86_64-debian-gcc 3.11.4 19.71 231.88 251.59 OK
r-devel-linux-x86_64-fedora-clang 3.11.4 393.56 NOTE
r-devel-linux-x86_64-fedora-gcc 3.11.4 383.13 OK
r-devel-windows-x86_64-new-UL 3.11.4 90.00 363.00 453.00 NOTE
r-devel-windows-x86_64-new-TK 3.11.4 NOTE
r-patched-linux-x86_64 3.11.4 27.67 281.00 308.67 OK
r-release-linux-x86_64 3.11.4 20.59 285.48 306.07 OK
r-release-macos-arm64 3.11.4 NOTE
r-release-macos-x86_64 3.11.4 NOTE
r-release-windows-ix86+x86_64 3.11.4 35.00 303.00 338.00 NOTE
r-oldrel-macos-x86_64 3.11.4 NOTE
r-oldrel-windows-ix86+x86_64 3.11.4 38.00 295.00 333.00 NOTE

Check Details

Version: 3.11.4
Check: installed package size
Result: NOTE
     installed size is 5.1Mb
     sub-directories of 1Mb or more:
     doc 3.7Mb
Flavors: r-devel-linux-x86_64-fedora-clang, r-devel-windows-x86_64-new-UL, r-release-macos-arm64, r-release-macos-x86_64, r-release-windows-ix86+x86_64, r-oldrel-macos-x86_64, r-oldrel-windows-ix86+x86_64

Version: 3.11.4
Check: package dependencies
Result: NOTE
    Package suggested but not available for checking: 'lme4'
Flavor: r-devel-windows-x86_64-new-TK