CRAN Package Check Results for Package MARVEL

Last updated on 2024-03-04 19:54:16 CET.

Flavor Version Tinstall Tcheck Ttotal Status Flags
r-devel-linux-x86_64-debian-clang 1.4.0 27.07 309.99 337.06 NOTE
r-devel-linux-x86_64-debian-gcc 1.4.0 20.42 234.44 254.86 OK
r-devel-linux-x86_64-fedora-clang 1.4.0 403.79 OK
r-devel-linux-x86_64-fedora-gcc 1.4.0 406.88 OK
r-devel-windows-x86_64 1.4.0 25.00 253.00 278.00 OK
r-patched-linux-x86_64 1.4.0 26.41 301.70 328.11 OK
r-release-linux-x86_64 1.4.0 22.39 309.69 332.08 OK
r-release-macos-arm64 1.4.0 135.00 NOTE
r-release-macos-x86_64 1.4.0 214.00 NOTE
r-release-windows-x86_64 1.4.0 29.00 327.00 356.00 NOTE
r-oldrel-macos-arm64 1.4.0 133.00 NOTE
r-oldrel-windows-x86_64 1.4.0 31.00 303.00 334.00 NOTE

Check Details

Version: 1.4.0
Check: package dependencies
Result: NOTE Package suggested but not available for checking: ‘clusterProfiler’ Flavor: r-devel-linux-x86_64-debian-clang

Version: 1.4.0
Check: package dependencies
Result: NOTE Packages suggested but not available for checking: 'BSgenome.Hsapiens.NCBI.GRCh38', 'clusterProfiler', 'org.Mm.eg.db', 'wiggleplotr' Flavor: r-release-macos-arm64

Version: 1.4.0
Check: package dependencies
Result: NOTE Packages suggested but not available for checking: 'BSgenome.Hsapiens.NCBI.GRCh38', 'org.Mm.eg.db', 'wiggleplotr' Flavor: r-release-macos-x86_64

Version: 1.4.0
Check: package dependencies
Result: NOTE Package suggested but not available for checking: 'BSgenome.Hsapiens.NCBI.GRCh38' Flavors: r-release-windows-x86_64, r-oldrel-windows-x86_64

Version: 1.4.0
Check: package dependencies
Result: NOTE Packages suggested but not available for checking: 'BSgenome.Hsapiens.NCBI.GRCh38', 'wiggleplotr' Flavor: r-oldrel-macos-arm64