CRAN Package Check Results for Package MBA

Last updated on 2022-09-30 21:49:01 CEST.

Flavor Version Tinstall Tcheck Ttotal Status Flags
r-devel-linux-x86_64-debian-clang 0.0-9 12.22 25.08 37.30 OK
r-devel-linux-x86_64-debian-gcc 0.0-9 11.19 20.21 31.40 OK
r-devel-linux-x86_64-fedora-clang 0.0-9 71.91 WARN
r-devel-linux-x86_64-fedora-gcc 0.0-9 59.93 OK
r-devel-windows-x86_64 0.0-9 17.00 68.00 85.00 OK
r-patched-linux-x86_64 0.0-9 10.99 24.98 35.97 OK
r-release-linux-x86_64 0.0-9 11.73 24.14 35.87 OK
r-release-macos-arm64 0.0-9 19.00 OK
r-release-macos-x86_64 0.0-9 29.00 OK
r-release-windows-x86_64 0.0-9 41.00 66.00 107.00 OK
r-oldrel-macos-arm64 0.0-9 25.00 OK
r-oldrel-macos-x86_64 0.0-9 38.00 OK
r-oldrel-windows-ix86+x86_64 0.0-9 38.00 64.00 102.00 OK

Additional issues

clang15 clang15

Check Details

Version: 0.0-9
Check: whether package can be installed
Result: WARN
    Found the following significant warnings:
     ./include/GenMatrix.h:56:12: warning: invalid UTF-8 in comment [-Winvalid-utf8]
     ./include/MBAdata.h:50:12: warning: invalid UTF-8 in comment [-Winvalid-utf8]
     ./include/UCBsplineSurface.h:48:14: warning: invalid UTF-8 in comment [-Winvalid-utf8]
     ./include/MBA.h:73:12: warning: invalid UTF-8 in comment [-Winvalid-utf8]
Flavor: r-devel-linux-x86_64-fedora-clang