CRAN Package Check Results for Package MCMChybridGP

Last updated on 2021-11-29 19:51:35 CET.

Flavor Version Tinstall Tcheck Ttotal Status Flags
r-devel-linux-x86_64-debian-clang 5.4 4.16 27.53 31.69 OK
r-devel-linux-x86_64-debian-gcc 5.4 3.55 21.32 24.87 OK
r-devel-linux-x86_64-fedora-clang 5.4 53.01 NOTE
r-devel-linux-x86_64-fedora-gcc 5.4 41.08 NOTE
r-devel-windows-x86_64-new-UL 5.4 12.00 62.00 74.00 OK
r-devel-windows-x86_64-new-TK 5.4 OK
r-devel-windows-x86_64-old 5.4 9.00 34.00 43.00 OK
r-patched-linux-x86_64 5.4 4.06 26.69 30.75 OK
r-patched-solaris-x86 5.4 55.60 OK
r-release-linux-x86_64 5.4 4.70 26.30 31.00 OK
r-release-macos-arm64 5.4 OK
r-release-macos-x86_64 5.4 OK
r-release-windows-ix86+x86_64 5.4 10.00 42.00 52.00 OK
r-oldrel-macos-x86_64 5.4 OK
r-oldrel-windows-ix86+x86_64 5.4 9.00 46.00 55.00 OK

Check Details

Version: 5.4
Check: compiled code
Result: NOTE
    File ‘MCMChybridGP/libs/MCMChybridGP.so’:
     Found no calls to: ‘R_registerRoutines’, ‘R_useDynamicSymbols’
    
    It is good practice to register native routines and to disable symbol
    search.
    
    See ‘Writing portable packages’ in the ‘Writing R Extensions’ manual.
Flavors: r-devel-linux-x86_64-fedora-clang, r-devel-linux-x86_64-fedora-gcc