Last updated on 2025-01-25 19:48:49 CET.
Flavor | Version | Tinstall | Tcheck | Ttotal | Status | Flags |
---|---|---|---|---|---|---|
r-devel-linux-x86_64-debian-clang | 1.7-1 | 580.32 | 125.68 | 706.00 | OK | |
r-devel-linux-x86_64-debian-gcc | 1.7-1 | 268.82 | 87.01 | 355.83 | OK | |
r-devel-linux-x86_64-fedora-clang | 1.7-1 | 1077.76 | OK | |||
r-devel-linux-x86_64-fedora-gcc | 1.7-1 | 969.51 | OK | |||
r-devel-windows-x86_64 | 1.7-1 | 332.00 | 168.00 | 500.00 | OK | |
r-patched-linux-x86_64 | 1.7-1 | 396.87 | 117.44 | 514.31 | OK | |
r-release-linux-x86_64 | 1.7-1 | 382.62 | 119.04 | 501.66 | OK | |
r-release-macos-arm64 | 1.7-1 | 244.00 | NOTE | |||
r-release-macos-x86_64 | 1.7-1 | 263.00 | NOTE | |||
r-release-windows-x86_64 | 1.7-1 | 331.00 | 162.00 | 493.00 | OK | |
r-oldrel-macos-arm64 | 1.7-1 | 303.00 | NOTE | |||
r-oldrel-macos-x86_64 | 1.7-1 | 270.00 | NOTE | |||
r-oldrel-windows-x86_64 | 1.7-1 | 376.00 | 207.00 | 583.00 | OK |
Version: 1.7-1
Check: installed package size
Result: NOTE
installed size is 34.3Mb
sub-directories of 1Mb or more:
libs 33.2Mb
Flavors: r-release-macos-arm64, r-release-macos-x86_64, r-oldrel-macos-arm64, r-oldrel-macos-x86_64