CRAN Package Check Results for Package MCMCpack

Last updated on 2021-05-06 21:49:35 CEST.

Flavor Version Tinstall Tcheck Ttotal Status Flags
r-devel-linux-x86_64-debian-clang 1.5-0 539.28 133.33 672.61 OK
r-devel-linux-x86_64-debian-gcc 1.5-0 298.61 98.16 396.77 OK
r-devel-linux-x86_64-fedora-clang 1.5-0 996.03 NOTE
r-devel-linux-x86_64-fedora-gcc 1.5-0 739.48 OK
r-devel-windows-ix86+x86_64 1.5-0 601.00 231.00 832.00 NOTE
r-devel-windows-x86_64-gcc10-UCRT 1.5-0 OK
r-patched-linux-x86_64 1.5-0 329.98 129.42 459.40 OK
r-patched-solaris-x86 1.5-0 1063.90 NOTE
r-release-linux-x86_64 1.5-0 328.58 119.59 448.17 OK
r-release-macos-x86_64 1.5-0 NOTE
r-release-windows-ix86+x86_64 1.5-0 587.00 179.00 766.00 NOTE
r-oldrel-macos-x86_64 1.5-0 NOTE
r-oldrel-windows-ix86+x86_64 1.5-0 737.00 166.00 903.00 NOTE

Check Details

Version: 1.5-0
Check: installed package size
Result: NOTE
     installed size is 38.6Mb
     sub-directories of 1Mb or more:
     libs 37.6Mb
Flavors: r-devel-linux-x86_64-fedora-clang, r-devel-windows-ix86+x86_64, r-patched-solaris-x86, r-release-macos-x86_64, r-release-windows-ix86+x86_64, r-oldrel-macos-x86_64, r-oldrel-windows-ix86+x86_64