CRAN Package Check Results for Package MKclass

Last updated on 2024-02-28 19:49:41 CET.

Flavor Version Tinstall Tcheck Ttotal Status Flags
r-devel-linux-x86_64-debian-clang 0.5 4.29 40.87 45.16 OK
r-devel-linux-x86_64-debian-gcc 0.5 3.62 30.38 34.00 OK
r-devel-linux-x86_64-fedora-clang 0.5 58.06 NOTE
r-devel-linux-x86_64-fedora-gcc 0.5 65.66 OK
r-devel-windows-x86_64 0.5 6.00 53.00 59.00 OK
r-patched-linux-x86_64 0.5 4.62 38.79 43.41 OK
r-release-linux-x86_64 0.5 5.25 40.00 45.25 OK
r-release-macos-arm64 0.5 29.00 OK
r-release-macos-x86_64 0.5 76.00 OK
r-release-windows-x86_64 0.5 4.00 56.00 60.00 OK
r-oldrel-macos-arm64 0.5 29.00 OK
r-oldrel-windows-x86_64 0.5 7.00 58.00 65.00 OK

Check Details

Version: 0.5
Check: Rd cross-references
Result: NOTE Undeclared package ‘rms’ in Rd xrefs Flavor: r-devel-linux-x86_64-fedora-clang