CRAN Package Check Results for Package MLDataR

Last updated on 2024-03-04 19:54:17 CET.

Flavor Version Tinstall Tcheck Ttotal Status Flags
r-devel-linux-x86_64-debian-clang 1.0.1 1.80 47.30 49.10 OK
r-devel-linux-x86_64-debian-gcc 1.0.1 2.25 35.77 38.02 OK
r-devel-linux-x86_64-fedora-clang 1.0.1 64.44 NOTE
r-devel-linux-x86_64-fedora-gcc 1.0.1 71.96 NOTE
r-devel-windows-x86_64 1.0.1 4.00 60.00 64.00 OK
r-patched-linux-x86_64 1.0.1 2.12 45.54 47.66 OK
r-release-linux-x86_64 1.0.1 1.92 45.90 47.82 OK
r-release-macos-arm64 1.0.1 32.00 OK
r-release-macos-x86_64 1.0.1 46.00 OK
r-release-windows-x86_64 1.0.1 6.00 66.00 72.00 OK
r-oldrel-macos-arm64 1.0.1 25.00 NOTE
r-oldrel-windows-x86_64 1.0.1 5.00 67.00 72.00 OK

Check Details

Version: 1.0.1
Check: dependencies in R code
Result: NOTE Namespaces in Imports field not imported from: ‘ConfusionTableR’ ‘OddsPlotty’ ‘caret’ ‘dplyr’ ‘ggplot2’ ‘parsnip’ ‘ranger’ ‘recipes’ ‘rsample’ ‘varhandle’ ‘workflows’ All declared Imports should be used. Flavors: r-devel-linux-x86_64-fedora-clang, r-devel-linux-x86_64-fedora-gcc, r-oldrel-macos-arm64