CRAN Package Check Results for Package MLRShiny

Last updated on 2022-01-23 19:48:35 CET.

Flavor Version Tinstall Tcheck Ttotal Status Flags
r-devel-linux-x86_64-debian-clang 0.1.0 1.79 28.09 29.88 NOTE
r-devel-linux-x86_64-debian-gcc 0.1.0 1.84 24.48 26.32 NOTE
r-devel-linux-x86_64-fedora-clang 0.1.0 38.82 NOTE
r-devel-linux-x86_64-fedora-gcc 0.1.0 26.61 NOTE
r-devel-windows-x86_64-new-UL 0.1.0 10.00 45.00 55.00 NOTE
r-devel-windows-x86_64-new-TK 0.1.0 NOTE
r-patched-linux-x86_64 0.1.0 1.86 27.17 29.03 NOTE
r-release-linux-x86_64 0.1.0 1.37 26.88 28.25 NOTE
r-release-macos-arm64 0.1.0 NOTE
r-release-macos-x86_64 0.1.0 NOTE
r-release-windows-ix86+x86_64 0.1.0 7.00 36.00 43.00 NOTE
r-oldrel-macos-x86_64 0.1.0 NOTE
r-oldrel-windows-ix86+x86_64 0.1.0 5.00 35.00 40.00 OK

Check Details

Version: 0.1.0
Check: LazyData
Result: NOTE
     'LazyData' is specified without a 'data' directory
Flavors: r-devel-linux-x86_64-debian-clang, r-devel-linux-x86_64-debian-gcc, r-devel-linux-x86_64-fedora-clang, r-devel-linux-x86_64-fedora-gcc, r-devel-windows-x86_64-new-UL, r-devel-windows-x86_64-new-TK, r-patched-linux-x86_64, r-release-linux-x86_64, r-release-macos-arm64, r-release-macos-x86_64, r-release-windows-ix86+x86_64

Version: 0.1.0
Check: dependencies in R code
Result: NOTE
    Namespaces in Imports field not imported from:
     ‘QuantPsyc’ ‘corrgram’ ‘dplyr’ ‘forecast’ ‘psych’ ‘shinyAce’
     All declared Imports should be used.
Flavors: r-devel-linux-x86_64-fedora-clang, r-devel-linux-x86_64-fedora-gcc, r-devel-windows-x86_64-new-TK, r-release-macos-arm64, r-release-macos-x86_64, r-oldrel-macos-x86_64