CRAN Package Check Results for Package MMD

Last updated on 2021-12-05 19:49:30 CET.

Flavor Version Tinstall Tcheck Ttotal Status Flags
r-devel-linux-x86_64-debian-clang 1.0.0 3.33 72.02 75.35 NOTE
r-devel-linux-x86_64-debian-gcc 1.0.0 2.91 55.20 58.11 NOTE
r-devel-linux-x86_64-fedora-clang 1.0.0 90.48 NOTE
r-devel-linux-x86_64-fedora-gcc 1.0.0 80.46 NOTE
r-devel-windows-x86_64-new-UL 1.0.0 9.00 106.00 115.00 NOTE
r-devel-windows-x86_64-new-TK 1.0.0 NOTE
r-devel-windows-x86_64-old 1.0.0 6.00 68.00 74.00 NOTE
r-patched-linux-x86_64 1.0.0 3.27 60.95 64.22 NOTE
r-release-linux-x86_64 1.0.0 3.10 70.08 73.18 NOTE
r-release-macos-arm64 1.0.0 NOTE
r-release-macos-x86_64 1.0.0 NOTE
r-release-windows-ix86+x86_64 1.0.0 8.00 86.00 94.00 NOTE
r-oldrel-macos-x86_64 1.0.0 OK
r-oldrel-windows-ix86+x86_64 1.0.0 9.00 98.00 107.00 OK

Check Details

Version: 1.0.0
Check: LazyData
Result: NOTE
     'LazyData' is specified without a 'data' directory
Flavors: r-devel-linux-x86_64-debian-clang, r-devel-linux-x86_64-debian-gcc, r-devel-linux-x86_64-fedora-clang, r-devel-linux-x86_64-fedora-gcc, r-devel-windows-x86_64-new-UL, r-devel-windows-x86_64-new-TK, r-devel-windows-x86_64-old, r-patched-linux-x86_64, r-release-linux-x86_64, r-release-macos-arm64, r-release-macos-x86_64, r-release-windows-ix86+x86_64