CRAN Package Check Results for Package MPkn

Last updated on 2022-05-26 21:50:11 CEST.

Flavor Version Tinstall Tcheck Ttotal Status Flags
r-devel-linux-x86_64-debian-clang 0.1.0 2.02 40.27 42.29 NOTE
r-devel-linux-x86_64-debian-gcc 0.1.0 1.80 32.44 34.24 ERROR
r-devel-linux-x86_64-fedora-clang 0.1.0 28.70 NOTE
r-devel-linux-x86_64-fedora-gcc 0.1.0 30.54 NOTE
r-devel-windows-x86_64 0.1.0 9.00 63.00 72.00 NOTE
r-patched-linux-x86_64 0.1.0 2.45 37.92 40.37 NOTE
r-release-linux-x86_64 0.1.0 2.06 36.80 38.86 ERROR
r-release-macos-arm64 0.1.0 19.00 NOTE
r-release-macos-x86_64 0.1.0 24.00 NOTE
r-release-windows-x86_64 0.1.0 9.00 63.00 72.00 NOTE
r-oldrel-macos-arm64 0.1.0 19.00 NOTE
r-oldrel-macos-x86_64 0.1.0 29.00 NOTE
r-oldrel-windows-ix86+x86_64 0.1.0 5.00 58.00 63.00 NOTE

Additional issues

noSuggests

Check Details

Version: 0.1.0
Check: LazyData
Result: NOTE
     'LazyData' is specified without a 'data' directory
Flavors: r-devel-linux-x86_64-debian-clang, r-devel-linux-x86_64-debian-gcc, r-devel-linux-x86_64-fedora-clang, r-devel-linux-x86_64-fedora-gcc, r-devel-windows-x86_64, r-patched-linux-x86_64, r-release-linux-x86_64, r-release-macos-arm64, r-release-macos-x86_64, r-release-windows-x86_64, r-oldrel-macos-arm64, r-oldrel-macos-x86_64, r-oldrel-windows-ix86+x86_64

Version: 0.1.0
Check: package dependencies
Result: NOTE
    Package suggested but not available for checking: ‘markovchain’
Flavors: r-devel-linux-x86_64-debian-gcc, r-release-linux-x86_64

Version: 0.1.0
Check: examples
Result: ERROR
    Running examples in ‘MPkn-Ex.R’ failed
    The error most likely occurred in:
    
    > base::assign(".ptime", proc.time(), pos = "CheckExEnv")
    > ### Name: MPkn-package
    > ### Title: Calculations of One Discrete Model in Several Time Steps
    > ### Aliases: MPkn-package
    >
    > ### ** Examples
    >
    > require(MPkn)
    > require(markovchain)
    Loading required package: markovchain
    Warning in library(package, lib.loc = lib.loc, character.only = TRUE, logical.return = TRUE, :
     there is no package called ‘markovchain’
    > options(digits = 14)
    > n = 12
    > k = 2
    > rz = 11
    > P = array(0, c(rz, rz))
    > for (i in 1:rz){
    + po = runif(rz)
    + P[i, ] = po/sum(po)
    + }
    > I = diag(1, rz, rz)
    > Myy = MUPkL(P, P, I, n, k, c(1:rz))
    > StSy = NULL
    > for (i in 1:rz) StSy = c(StSy, Myy$Navg[,,i][n])
    > mrkv = new("markovchain", transitionMatrix = P)
    Error in getClass(Class, where = topenv(parent.frame())) :
     “markovchain” is not a defined class
    Calls: new -> getClass
    Execution halted
Flavors: r-devel-linux-x86_64-debian-gcc, r-release-linux-x86_64