Last updated on 2021-01-23 19:47:41 CET.
Flavor | Version | Tinstall | Tcheck | Ttotal | Status | Flags |
---|---|---|---|---|---|---|
r-devel-linux-x86_64-debian-clang | 2.42 | 383.81 | 379.03 | 762.84 | OK | |
r-devel-linux-x86_64-debian-gcc | 2.42 | 316.19 | 275.57 | 591.76 | OK | |
r-devel-linux-x86_64-fedora-clang | 2.42 | 1008.07 | NOTE | |||
r-devel-linux-x86_64-fedora-gcc | 2.42 | 1002.06 | OK | |||
r-devel-windows-ix86+x86_64 | 2.42 | 926.00 | 674.00 | 1600.00 | NOTE | |
r-patched-linux-x86_64 | 2.42 | 351.30 | 370.66 | 721.96 | OK | |
r-patched-solaris-x86 | 2.42 | 993.30 | NOTE | |||
r-release-linux-x86_64 | 2.42 | 357.16 | 363.30 | 720.46 | OK | |
r-release-macos-x86_64 | 2.42 | NOTE | ||||
r-release-windows-ix86+x86_64 | 2.42 | 685.00 | 722.00 | 1407.00 | NOTE | |
r-oldrel-macos-x86_64 | 2.42 | NOTE | ||||
r-oldrel-windows-ix86+x86_64 | 2.42 | 771.00 | 627.00 | 1398.00 | NOTE |
Version: 2.42
Check: installed package size
Result: NOTE
installed size is 48.5Mb
sub-directories of 1Mb or more:
libs 48.1Mb
Flavors: r-devel-linux-x86_64-fedora-clang, r-devel-windows-ix86+x86_64, r-patched-solaris-x86, r-release-macos-x86_64, r-release-windows-ix86+x86_64, r-oldrel-macos-x86_64, r-oldrel-windows-ix86+x86_64