CRAN Package Check Results for Package MaOEA

Last updated on 2021-12-04 19:53:01 CET.

Flavor Version Tinstall Tcheck Ttotal Status Flags
r-devel-linux-x86_64-debian-clang 0.6.2 11.43 84.38 95.81 NOTE
r-devel-linux-x86_64-debian-gcc 0.6.2 8.83 65.24 74.07 NOTE
r-devel-linux-x86_64-fedora-clang 0.6.2 120.22 NOTE
r-devel-linux-x86_64-fedora-gcc 0.6.2 105.53 NOTE
r-devel-windows-x86_64-new-UL 0.6.2 20.00 118.00 138.00 NOTE
r-devel-windows-x86_64-new-TK 0.6.2 NOTE
r-devel-windows-x86_64-old 0.6.2 15.00 80.00 95.00 NOTE
r-patched-linux-x86_64 0.6.2 9.10 73.08 82.18 NOTE
r-release-linux-x86_64 0.6.2 9.42 74.20 83.62 NOTE
r-release-macos-arm64 0.6.2 NOTE
r-release-macos-x86_64 0.6.2 NOTE
r-release-windows-ix86+x86_64 0.6.2 22.00 102.00 124.00 NOTE
r-oldrel-macos-x86_64 0.6.2 OK
r-oldrel-windows-ix86+x86_64 0.6.2 22.00 105.00 127.00 OK

Check Details

Version: 0.6.2
Check: LazyData
Result: NOTE
     'LazyData' is specified without a 'data' directory
Flavors: r-devel-linux-x86_64-debian-clang, r-devel-linux-x86_64-debian-gcc, r-devel-linux-x86_64-fedora-clang, r-devel-linux-x86_64-fedora-gcc, r-devel-windows-x86_64-new-UL, r-devel-windows-x86_64-new-TK, r-devel-windows-x86_64-old, r-patched-linux-x86_64, r-release-linux-x86_64, r-release-macos-arm64, r-release-macos-x86_64, r-release-windows-ix86+x86_64