CRAN Package Check Results for Package MainExistingDatasets

Last updated on 2024-02-23 19:48:51 CET.

Flavor Version Tinstall Tcheck Ttotal Status Flags
r-devel-linux-x86_64-debian-clang 1.0.2 OK
r-devel-linux-x86_64-debian-gcc 1.0.2 32.14 271.75 303.89 OK
r-devel-linux-x86_64-fedora-clang 1.0.2 529.86 NOTE
r-devel-linux-x86_64-fedora-gcc 1.0.2 526.29 NOTE
r-devel-windows-x86_64 1.0.2 32.00 233.00 265.00 OK
r-patched-linux-x86_64 1.0.2 25.66 360.78 386.44 OK
r-release-linux-x86_64 1.0.2 29.13 361.29 390.42 OK
r-release-macos-arm64 1.0.2 145.00 NOTE
r-release-macos-x86_64 1.0.2 223.00 NOTE
r-release-windows-x86_64 1.0.2 43.00 317.00 360.00 OK
r-oldrel-macos-arm64 1.0.2 143.00 NOTE
r-oldrel-windows-x86_64 1.0.2 45.00 309.00 354.00 OK

Check Details

Version: 1.0.2
Check: package dependencies
Result: NOTE Package suggested but not available for checking: ‘BiocCheck’ Flavors: r-devel-linux-x86_64-fedora-clang, r-devel-linux-x86_64-fedora-gcc, r-release-macos-arm64, r-release-macos-x86_64, r-oldrel-macos-arm64

Version: 1.0.2
Check: data for non-ASCII characters
Result: NOTE Note: found 41 marked UTF-8 strings Flavors: r-devel-linux-x86_64-fedora-clang, r-devel-linux-x86_64-fedora-gcc