CRAN Package Check Results for Package MajKMeans

Last updated on 2021-03-03 19:48:10 CET.

Flavor Version Tinstall Tcheck Ttotal Status Flags
r-devel-linux-x86_64-debian-clang 0.1.0 2.02 23.03 25.05 OK
r-devel-linux-x86_64-debian-gcc 0.1.0 1.63 18.13 19.76 OK
r-devel-linux-x86_64-fedora-clang 0.1.0 40.86 NOTE
r-devel-linux-x86_64-fedora-gcc 0.1.0 32.07 NOTE
r-devel-windows-ix86+x86_64 0.1.0 4.00 35.00 39.00 OK
r-patched-linux-x86_64 0.1.0 1.90 22.56 24.46 OK
r-patched-solaris-x86 0.1.0 50.80 NOTE
r-release-linux-x86_64 0.1.0 1.76 22.51 24.27 OK
r-release-macos-x86_64 0.1.0 NOTE
r-release-windows-ix86+x86_64 0.1.0 4.00 37.00 41.00 OK
r-oldrel-macos-x86_64 0.1.0 NOTE
r-oldrel-windows-ix86+x86_64 0.1.0 31.00 47.00 78.00 OK

Check Details

Version: 0.1.0
Check: dependencies in R code
Result: NOTE
    Namespace in Imports field not imported from: ‘MASS’
     All declared Imports should be used.
Flavors: r-devel-linux-x86_64-fedora-clang, r-devel-linux-x86_64-fedora-gcc, r-patched-solaris-x86, r-release-macos-x86_64, r-oldrel-macos-x86_64