Last updated on 2023-06-07 22:02:47 CEST.
Flavor | Version | Tinstall | Tcheck | Ttotal | Status | Flags |
---|---|---|---|---|---|---|
r-devel-linux-x86_64-debian-clang | 0.1.0 | 139.35 | 195.64 | 334.99 | NOTE | |
r-devel-linux-x86_64-debian-gcc | 0.1.0 | 130.59 | 155.23 | 285.82 | NOTE | |
r-devel-linux-x86_64-fedora-clang | 0.1.0 | 426.34 | NOTE | |||
r-devel-linux-x86_64-fedora-gcc | 0.1.0 | 480.63 | NOTE | |||
r-devel-windows-x86_64 | 0.1.0 | 128.00 | 178.00 | 306.00 | NOTE | |
r-patched-linux-x86_64 | 0.1.0 | 127.91 | 196.58 | 324.49 | NOTE | |
r-release-linux-x86_64 | 0.1.0 | 150.52 | 195.43 | 345.95 | NOTE | |
r-release-macos-arm64 | 0.1.0 | 137.00 | NOTE | |||
r-release-macos-x86_64 | 0.1.0 | 207.00 | NOTE | |||
r-release-windows-x86_64 | 0.1.0 | 157.00 | 226.00 | 383.00 | NOTE | |
r-oldrel-macos-arm64 | 0.1.0 | 113.00 | NOTE | |||
r-oldrel-macos-x86_64 | 0.1.0 | 212.00 | NOTE | |||
r-oldrel-windows-x86_64 | 0.1.0 | 141.00 | 216.00 | 357.00 | NOTE |
Version: 0.1.0
Check: for GNU extensions in Makefiles
Result: NOTE
GNU make is a SystemRequirements.
Flavors: r-devel-linux-x86_64-debian-clang, r-devel-linux-x86_64-debian-gcc, r-devel-linux-x86_64-fedora-clang, r-devel-linux-x86_64-fedora-gcc, r-devel-windows-x86_64, r-patched-linux-x86_64, r-release-linux-x86_64, r-release-macos-arm64, r-release-macos-x86_64, r-release-windows-x86_64, r-oldrel-macos-arm64, r-oldrel-macos-x86_64, r-oldrel-windows-x86_64
Version: 0.1.0
Check: package dependencies
Result: NOTE
Imports includes 27 non-default packages.
Importing from so many packages makes the package vulnerable to any of
them becoming unavailable. Move as many as possible to Suggests and
use conditionally.
Flavor: r-devel-linux-x86_64-fedora-clang
Version: 0.1.0
Check: dependencies in R code
Result: NOTE
Namespace in Imports field not imported from: ‘RcppParallel’
All declared Imports should be used.
Flavors: r-devel-linux-x86_64-fedora-clang, r-devel-linux-x86_64-fedora-gcc, r-oldrel-macos-arm64, r-oldrel-macos-x86_64
Version: 0.1.0
Check: installed package size
Result: NOTE
installed size is 33.9Mb
sub-directories of 1Mb or more:
libs 33.7Mb
Flavors: r-release-macos-arm64, r-release-macos-x86_64, r-oldrel-macos-arm64, r-oldrel-macos-x86_64