CRAN Package Check Results for Package Massign

Last updated on 2021-12-03 19:50:16 CET.

Flavor Version Tinstall Tcheck Ttotal Status Flags
r-devel-linux-x86_64-debian-clang 1.1.0 1.69 20.14 21.83 NOTE
r-devel-linux-x86_64-debian-gcc 1.1.0 1.45 16.23 17.68 NOTE
r-devel-linux-x86_64-fedora-clang 1.1.0 39.47 NOTE
r-devel-linux-x86_64-fedora-gcc 1.1.0 27.66 NOTE
r-devel-windows-x86_64-new-UL 1.1.0 6.00 52.00 58.00 NOTE
r-devel-windows-x86_64-new-TK 1.1.0 NOTE
r-devel-windows-x86_64-old 1.1.0 4.00 26.00 30.00 NOTE
r-patched-linux-x86_64 1.1.0 1.62 19.38 21.00 NOTE
r-release-linux-x86_64 1.1.0 1.88 19.38 21.26 NOTE
r-release-macos-arm64 1.1.0 NOTE
r-release-macos-x86_64 1.1.0 NOTE
r-release-windows-ix86+x86_64 1.1.0 6.00 36.00 42.00 NOTE
r-oldrel-macos-x86_64 1.1.0 OK
r-oldrel-windows-ix86+x86_64 1.1.0 5.00 44.00 49.00 OK

Check Details

Version: 1.1.0
Check: LazyData
Result: NOTE
     'LazyData' is specified without a 'data' directory
Flavors: r-devel-linux-x86_64-debian-clang, r-devel-linux-x86_64-debian-gcc, r-devel-linux-x86_64-fedora-clang, r-devel-linux-x86_64-fedora-gcc, r-devel-windows-x86_64-new-UL, r-devel-windows-x86_64-new-TK, r-devel-windows-x86_64-old, r-patched-linux-x86_64, r-release-linux-x86_64, r-release-macos-arm64, r-release-macos-x86_64, r-release-windows-ix86+x86_64