CRAN Package Check Results for Package MatrixEQTL

Last updated on 2024-04-13 21:41:42 CEST.

Flavor Version Tinstall Tcheck Ttotal Status Flags
r-devel-linux-x86_64-debian-clang 2.3 5.96 41.49 47.45 NOTE
r-devel-linux-x86_64-debian-gcc 2.3 3.94 31.29 35.23 NOTE
r-devel-linux-x86_64-fedora-clang 2.3 57.61 NOTE
r-devel-linux-x86_64-fedora-gcc 2.3 59.91 NOTE
r-devel-windows-x86_64 2.3 6.00 54.00 60.00 NOTE
r-patched-linux-x86_64 2.3 5.13 40.42 45.55 NOTE
r-release-linux-x86_64 2.3 4.80 41.01 45.81 OK
r-release-macos-arm64 2.3 42.00 OK
r-release-macos-x86_64 2.3 83.00 OK
r-release-windows-x86_64 2.3 5.00 59.00 64.00 OK
r-oldrel-macos-arm64 2.3 52.00 OK
r-oldrel-windows-x86_64 2.3 16.00 68.00 84.00 OK

Check Details

Version: 2.3
Check: Rd files
Result: NOTE checkRd: (-1) Matrix_eQTL_main.Rd:31: Lost braces; missing escapes or markup? 31 | {genepos} in the call of \code{Matrix_eQTL_main} function. | ^ checkRd: (-1) Matrix_eQTL_main.Rd:35: Lost braces; missing escapes or markup? 35 | the data frames \code{snpspos} and {genepos}. | ^ Flavors: r-devel-linux-x86_64-debian-clang, r-devel-linux-x86_64-debian-gcc, r-devel-linux-x86_64-fedora-clang, r-devel-linux-x86_64-fedora-gcc, r-devel-windows-x86_64, r-patched-linux-x86_64