CRAN Package Check Results for Package MaxentVariableSelection

Last updated on 2023-01-26 19:49:31 CET.

Flavor Version Tinstall Tcheck Ttotal Status Flags
r-devel-linux-x86_64-debian-clang 1.0-3 2.30 39.03 41.33 NOTE
r-devel-linux-x86_64-debian-gcc 1.0-3 2.22 29.98 32.20 NOTE
r-devel-linux-x86_64-fedora-clang 1.0-3 55.43 NOTE
r-devel-linux-x86_64-fedora-gcc 1.0-3 65.94 NOTE
r-devel-windows-x86_64 1.0-3 51.00 70.00 121.00 NOTE
r-patched-linux-x86_64 1.0-3 3.16 37.93 41.09 NOTE
r-release-linux-x86_64 1.0-3 2.25 37.82 40.07 NOTE
r-release-macos-arm64 1.0-3 23.00 NOTE
r-release-macos-x86_64 1.0-3 35.00 NOTE
r-release-windows-x86_64 1.0-3 58.00 69.00 127.00 NOTE
r-oldrel-macos-arm64 1.0-3 25.00 NOTE
r-oldrel-macos-x86_64 1.0-3 26.00 NOTE
r-oldrel-windows-ix86+x86_64 1.0-3 6.00 75.00 81.00 NOTE

Additional issues

donttest

Check Details

Version: 1.0-3
Check: LazyData
Result: NOTE
     'LazyData' is specified without a 'data' directory
Flavors: r-devel-linux-x86_64-debian-clang, r-devel-linux-x86_64-debian-gcc, r-devel-linux-x86_64-fedora-clang, r-devel-linux-x86_64-fedora-gcc, r-devel-windows-x86_64, r-patched-linux-x86_64, r-release-linux-x86_64, r-release-macos-arm64, r-release-macos-x86_64, r-release-windows-x86_64, r-oldrel-macos-arm64, r-oldrel-macos-x86_64, r-oldrel-windows-ix86+x86_64