Last updated on 2023-02-03 19:52:10 CET.
Flavor | Version | Tinstall | Tcheck | Ttotal | Status | Flags |
---|---|---|---|---|---|---|
r-devel-linux-x86_64-debian-clang | 1.0.9 | 68.24 | 525.71 | 593.95 | OK | |
r-devel-linux-x86_64-debian-gcc | 1.0.9 | 58.04 | 387.35 | 445.39 | OK | |
r-devel-linux-x86_64-fedora-clang | 1.0.9 | 743.84 | OK | |||
r-devel-linux-x86_64-fedora-gcc | 1.0.9 | 783.75 | OK | |||
r-devel-windows-x86_64 | 1.0.9 | 99.00 | 612.00 | 711.00 | OK | |
r-patched-linux-x86_64 | 1.0.9 | 67.93 | 478.15 | 546.08 | OK | |
r-release-linux-x86_64 | 1.0.9 | 67.17 | 491.27 | 558.44 | OK | |
r-release-macos-arm64 | 1.0.9 | 139.00 | NOTE | |||
r-release-macos-x86_64 | 1.0.9 | 320.00 | OK | |||
r-release-windows-x86_64 | 1.0.9 | 89.00 | 586.00 | 675.00 | OK | |
r-oldrel-macos-arm64 | 1.0.9 | 168.00 | OK | |||
r-oldrel-macos-x86_64 | 1.0.9 | 248.00 | OK | |||
r-oldrel-windows-ix86+x86_64 | 1.0.9 | 130.00 | 752.00 | 882.00 | OK |
Version: 1.0.9
Check: package dependencies
Result: NOTE
Package suggested but not available for checking: ‘TxDb.Hsapiens.UCSC.hg19.knownGene’
Flavor: r-release-macos-arm64