CRAN Package Check Results for Package MetaLonDA

Last updated on 2023-12-07 19:58:34 CET.

Flavor Version Tinstall Tcheck Ttotal Status Flags
r-devel-linux-x86_64-debian-clang 1.1.8 6.95 201.60 208.55 OK
r-devel-linux-x86_64-debian-gcc 1.1.8 5.58 144.00 149.58 OK
r-devel-linux-x86_64-fedora-clang 1.1.8 252.48 OK
r-devel-linux-x86_64-fedora-gcc 1.1.8 254.52 OK
r-devel-windows-x86_64 1.1.8 8.00 233.00 241.00 OK
r-patched-linux-x86_64 1.1.8 6.55 186.54 193.09 OK
r-release-linux-x86_64 1.1.8 4.52 186.62 191.14 OK
r-release-macos-arm64 1.1.8 92.00 OK
r-release-macos-x86_64 1.1.8 197.00 OK
r-release-windows-x86_64 1.1.8 11.00 265.00 276.00 OK
r-oldrel-macos-arm64 1.1.8 79.00 OK
r-oldrel-macos-x86_64 1.1.8 11.00 ERROR
r-oldrel-windows-x86_64 1.1.8 10.00 263.00 273.00 OK

Check Details

Version: 1.1.8
Check: package dependencies
Result: ERROR Package required but not available: ‘metagenomeSeq’ See section ‘The DESCRIPTION file’ in the ‘Writing R Extensions’ manual. Flavor: r-oldrel-macos-x86_64