Last updated on 2023-02-05 19:51:19 CET.
Flavor | Version | Tinstall | Tcheck | Ttotal | Status | Flags |
---|---|---|---|---|---|---|
r-devel-linux-x86_64-debian-clang | 1.1.8 | 7.78 | 200.55 | 208.33 | OK | |
r-devel-linux-x86_64-debian-gcc | 1.1.8 | 5.72 | 141.58 | 147.30 | OK | |
r-devel-linux-x86_64-fedora-clang | 1.1.8 | 268.13 | OK | |||
r-devel-linux-x86_64-fedora-gcc | 1.1.8 | 261.12 | OK | |||
r-devel-windows-x86_64 | 1.1.8 | 19.00 | 304.00 | 323.00 | OK | |
r-patched-linux-x86_64 | 1.1.8 | 5.65 | 190.21 | 195.86 | OK | |
r-release-linux-x86_64 | 1.1.8 | 5.10 | 191.86 | 196.96 | OK | |
r-release-macos-arm64 | 1.1.8 | 79.00 | OK | |||
r-release-macos-x86_64 | 1.1.8 | 8.00 | ERROR | |||
r-release-windows-x86_64 | 1.1.8 | 24.00 | 246.00 | 270.00 | OK | |
r-oldrel-macos-arm64 | 1.1.8 | 131.00 | OK | |||
r-oldrel-macos-x86_64 | 1.1.8 | 12.00 | ERROR | |||
r-oldrel-windows-ix86+x86_64 | 1.1.8 | 18.00 | 295.00 | 313.00 | OK |
Version: 1.1.8
Check: package dependencies
Result: ERROR
Package required but not available: ‘metagenomeSeq’
See section ‘The DESCRIPTION file’ in the ‘Writing R Extensions’
manual.
Flavors: r-release-macos-x86_64, r-oldrel-macos-x86_64