CRAN Package Check Results for Package MetaUtility

Last updated on 2021-11-29 19:51:35 CET.

Flavor Version Tinstall Tcheck Ttotal Status Flags
r-devel-linux-x86_64-debian-clang 2.1.2 14.14 105.28 119.42 OK
r-devel-linux-x86_64-debian-gcc 2.1.2 10.87 78.52 89.39 OK
r-devel-linux-x86_64-fedora-clang 2.1.2 162.33 NOTE
r-devel-linux-x86_64-fedora-gcc 2.1.2 145.94 NOTE
r-devel-windows-x86_64-new-UL 2.1.2 24.00 134.00 158.00 OK
r-devel-windows-x86_64-new-TK 2.1.2 NOTE
r-devel-windows-x86_64-old 2.1.2 21.00 92.00 113.00 OK
r-patched-linux-x86_64 2.1.2 12.00 99.80 111.80 OK
r-patched-solaris-x86 2.1.2 190.60 NOTE
r-release-linux-x86_64 2.1.2 10.70 102.69 113.39 OK
r-release-macos-arm64 2.1.2 NOTE
r-release-macos-x86_64 2.1.2 NOTE
r-release-windows-ix86+x86_64 2.1.2 28.00 92.00 120.00 OK
r-oldrel-macos-x86_64 2.1.2 NOTE
r-oldrel-windows-ix86+x86_64 2.1.2 19.00 104.00 123.00 OK

Check Details

Version: 2.1.2
Check: dependencies in R code
Result: NOTE
    Namespace in Imports field not imported from: ‘metadat’
     All declared Imports should be used.
Flavors: r-devel-linux-x86_64-fedora-clang, r-devel-linux-x86_64-fedora-gcc, r-devel-windows-x86_64-new-TK, r-patched-solaris-x86, r-release-macos-arm64, r-release-macos-x86_64, r-oldrel-macos-x86_64